{"version":"1.0","provider_name":"ZEIT der Leser","provider_url":"https:\/\/blog.zeit.de\/zeit-der-leser","author_name":"\"Zeit der Leser\"-Redaktion","author_url":"https:\/\/blog.zeit.de\/zeit-der-leser\/author\/zeit-der-leser-redaktion\/","title":"Bullewums und Koppheister: Mein Wort-Schatz - ZEIT der Leser","type":"rich","width":600,"height":338,"html":"<blockquote class=\"wp-embedded-content\" data-secret=\"9PveGXbnDF\"><a href=\"https:\/\/blog.zeit.de\/zeit-der-leser\/2013\/01\/30\/mein-wort-schatz-bullewums-koppheister\/\">Bullewums und Koppheister: Mein Wort-Schatz<\/a><\/blockquote><iframe sandbox=\"allow-scripts\" security=\"restricted\" src=\"https:\/\/blog.zeit.de\/zeit-der-leser\/2013\/01\/30\/mein-wort-schatz-bullewums-koppheister\/embed\/#?secret=9PveGXbnDF\" width=\"600\" height=\"338\" title=\"&#8222;Bullewums und Koppheister: Mein Wort-Schatz&#8220; &#8212; ZEIT der Leser\" data-secret=\"9PveGXbnDF\" frameborder=\"0\" marginwidth=\"0\" marginheight=\"0\" scrolling=\"no\" class=\"wp-embedded-content\"><\/iframe><script type=\"text\/javascript\">\n\/* <![CDATA[ *\/\n\/*! This file is auto-generated *\/\n!function(d,l){\"use strict\";l.querySelector&&d.addEventListener&&\"undefined\"!=typeof URL&&(d.wp=d.wp||{},d.wp.receiveEmbedMessage||(d.wp.receiveEmbedMessage=function(e){var t=e.data;if((t||t.secret||t.message||t.value)&&!\/[^a-zA-Z0-9]\/.test(t.secret)){for(var s,r,n,a=l.querySelectorAll('iframe[data-secret=\"'+t.secret+'\"]'),o=l.querySelectorAll('blockquote[data-secret=\"'+t.secret+'\"]'),c=new RegExp(\"^https?:$\",\"i\"),i=0;i<o.length;i++)o[i].style.display=\"none\";for(i=0;i<a.length;i++)s=a[i],e.source===s.contentWindow&&(s.removeAttribute(\"style\"),\"height\"===t.message?(1e3<(r=parseInt(t.value,10))?r=1e3:~~r<200&&(r=200),s.height=r):\"link\"===t.message&&(r=new URL(s.getAttribute(\"src\")),n=new URL(t.value),c.test(n.protocol))&&n.host===r.host&&l.activeElement===s&&(d.top.location.href=t.value))}},d.addEventListener(\"message\",d.wp.receiveEmbedMessage,!1),l.addEventListener(\"DOMContentLoaded\",function(){for(var e,t,s=l.querySelectorAll(\"iframe.wp-embedded-content\"),r=0;r<s.length;r++)(t=(e=s[r]).getAttribute(\"data-secret\"))||(t=Math.random().toString(36).substring(2,12),e.src+=\"#?secret=\"+t,e.setAttribute(\"data-secret\",t)),e.contentWindow.postMessage({message:\"ready\",secret:t},\"*\")},!1)))}(window,document);\n\/* ]]> *\/\n<\/script>\n","description":"K\u00fcrzlich ging es bei uns um den \u00bbPurzelbaum\u00ab, also die Rolle vorw\u00e4rts. Meine Frau \u2013 sie kommt aus Norddeutschland \u2013 sagt dazu Koppheister schiessen. Ich selbst dagegen stamme aus dem Siegerland und lernte den Purzelbaum als Bullewums kennen. Es gibt schon merkw\u00fcrdige Ausdr\u00fccke. In jedem Fall sind sie lautmalerisch! Johannes Kiuntke, Metzingen, Baden-W\u00fcrttemberg"}

Kürzlich ging es bei uns um den »Purzelbaum«, also die Rolle vorwärts. Meine Frau – sie kommt aus Norddeutschland – sagt dazu Koppheister schiessen. Ich selbst dagegen stamme aus dem Siegerland und lernte den Purzelbaum als Bullewums kennen. Es gibt schon merkwürdige Ausdrücke. In jedem Fall sind sie lautmalerisch! Johannes Kiuntke, Metzingen, Baden-Württemberg
