{"version":"1.0","provider_name":"ZEIT der Leser","provider_url":"https:\/\/blog.zeit.de\/zeit-der-leser","author_name":"\"Zeit der Leser\"-Redaktion","author_url":"https:\/\/blog.zeit.de\/zeit-der-leser\/author\/zeit-der-leser-redaktion\/","title":"Die Kritzelei der Woche - ZEIT der Leser","type":"rich","width":600,"height":338,"html":"<blockquote class=\"wp-embedded-content\" data-secret=\"v843pCqs2e\"><a href=\"https:\/\/blog.zeit.de\/zeit-der-leser\/2013\/02\/12\/die-kritzelei-der-woche-40\/\">Die Kritzelei der Woche<\/a><\/blockquote><iframe sandbox=\"allow-scripts\" security=\"restricted\" src=\"https:\/\/blog.zeit.de\/zeit-der-leser\/2013\/02\/12\/die-kritzelei-der-woche-40\/embed\/#?secret=v843pCqs2e\" width=\"600\" height=\"338\" title=\"&#8222;Die Kritzelei der Woche&#8220; &#8212; ZEIT der Leser\" data-secret=\"v843pCqs2e\" frameborder=\"0\" marginwidth=\"0\" marginheight=\"0\" scrolling=\"no\" class=\"wp-embedded-content\"><\/iframe><script type=\"text\/javascript\">\n\/* <![CDATA[ *\/\n\/*! This file is auto-generated *\/\n!function(d,l){\"use strict\";l.querySelector&&d.addEventListener&&\"undefined\"!=typeof URL&&(d.wp=d.wp||{},d.wp.receiveEmbedMessage||(d.wp.receiveEmbedMessage=function(e){var t=e.data;if((t||t.secret||t.message||t.value)&&!\/[^a-zA-Z0-9]\/.test(t.secret)){for(var s,r,n,a=l.querySelectorAll('iframe[data-secret=\"'+t.secret+'\"]'),o=l.querySelectorAll('blockquote[data-secret=\"'+t.secret+'\"]'),c=new RegExp(\"^https?:$\",\"i\"),i=0;i<o.length;i++)o[i].style.display=\"none\";for(i=0;i<a.length;i++)s=a[i],e.source===s.contentWindow&&(s.removeAttribute(\"style\"),\"height\"===t.message?(1e3<(r=parseInt(t.value,10))?r=1e3:~~r<200&&(r=200),s.height=r):\"link\"===t.message&&(r=new URL(s.getAttribute(\"src\")),n=new URL(t.value),c.test(n.protocol))&&n.host===r.host&&l.activeElement===s&&(d.top.location.href=t.value))}},d.addEventListener(\"message\",d.wp.receiveEmbedMessage,!1),l.addEventListener(\"DOMContentLoaded\",function(){for(var e,t,s=l.querySelectorAll(\"iframe.wp-embedded-content\"),r=0;r<s.length;r++)(t=(e=s[r]).getAttribute(\"data-secret\"))||(t=Math.random().toString(36).substring(2,12),e.src+=\"#?secret=\"+t,e.setAttribute(\"data-secret\",t)),e.contentWindow.postMessage({message:\"ready\",secret:t},\"*\")},!1)))}(window,document);\n\/* ]]> *\/\n<\/script>\n","description":"Seit Beginn des Studiums habe ich mich w\u00e4hrend der Vorlesungen, Seminare und \u00dcbungen immer wieder beim Herumkritzeln erwischt. Leider h\u00f6re ich dabei nicht weiter zu \u2013 wie die meisten Menschen \u2013, sondern denke \u00fcber andere Dinge nach. Inzwischen habe ich meine Kritzel-Therapie abgeschlossen \u2013 und mein Kunstgeschichte-Studium abgebrochen. Aus den als Randverzierung anfangenden, schlie\u00dflich \u00fcber [&hellip;]","thumbnail_url":"https:\/\/blog.zeit.de\/zeit-der-leser\/files\/2013\/02\/s76-kritzelei.jpg"}

Seit Beginn des Studiums habe ich mich während der Vorlesungen, Seminare und Übungen immer wieder beim Herumkritzeln erwischt. Leider höre ich dabei nicht weiter zu – wie die meisten Menschen –, sondern denke über andere Dinge nach. Inzwischen habe ich meine Kritzel-Therapie abgeschlossen – und mein Kunstgeschichte-Studium abgebrochen. Aus den als Randverzierung anfangenden, schließlich über [&hellip;]
