{"version":"1.0","provider_name":"ZEIT der Leser","provider_url":"https:\/\/blog.zeit.de\/zeit-der-leser","author_name":"\"Zeit der Leser\"-Redaktion","author_url":"https:\/\/blog.zeit.de\/zeit-der-leser\/author\/zeit-der-leser-redaktion\/","title":"Gackel und Demmeln: Mein Wort-Schatz - ZEIT der Leser","type":"rich","width":600,"height":338,"html":"<blockquote class=\"wp-embedded-content\" data-secret=\"RmeYnrlSI8\"><a href=\"https:\/\/blog.zeit.de\/zeit-der-leser\/2013\/04\/06\/mein-wort-schatz-gackel-demmeln\/\">Gackel und Demmeln: Mein Wort-Schatz<\/a><\/blockquote><iframe sandbox=\"allow-scripts\" security=\"restricted\" src=\"https:\/\/blog.zeit.de\/zeit-der-leser\/2013\/04\/06\/mein-wort-schatz-gackel-demmeln\/embed\/#?secret=RmeYnrlSI8\" width=\"600\" height=\"338\" title=\"&#8222;Gackel und Demmeln: Mein Wort-Schatz&#8220; &#8212; ZEIT der Leser\" data-secret=\"RmeYnrlSI8\" frameborder=\"0\" marginwidth=\"0\" marginheight=\"0\" scrolling=\"no\" class=\"wp-embedded-content\"><\/iframe><script type=\"text\/javascript\">\n\/* <![CDATA[ *\/\n\/*! This file is auto-generated *\/\n!function(d,l){\"use strict\";l.querySelector&&d.addEventListener&&\"undefined\"!=typeof URL&&(d.wp=d.wp||{},d.wp.receiveEmbedMessage||(d.wp.receiveEmbedMessage=function(e){var t=e.data;if((t||t.secret||t.message||t.value)&&!\/[^a-zA-Z0-9]\/.test(t.secret)){for(var s,r,n,a=l.querySelectorAll('iframe[data-secret=\"'+t.secret+'\"]'),o=l.querySelectorAll('blockquote[data-secret=\"'+t.secret+'\"]'),c=new RegExp(\"^https?:$\",\"i\"),i=0;i<o.length;i++)o[i].style.display=\"none\";for(i=0;i<a.length;i++)s=a[i],e.source===s.contentWindow&&(s.removeAttribute(\"style\"),\"height\"===t.message?(1e3<(r=parseInt(t.value,10))?r=1e3:~~r<200&&(r=200),s.height=r):\"link\"===t.message&&(r=new URL(s.getAttribute(\"src\")),n=new URL(t.value),c.test(n.protocol))&&n.host===r.host&&l.activeElement===s&&(d.top.location.href=t.value))}},d.addEventListener(\"message\",d.wp.receiveEmbedMessage,!1),l.addEventListener(\"DOMContentLoaded\",function(){for(var e,t,s=l.querySelectorAll(\"iframe.wp-embedded-content\"),r=0;r<s.length;r++)(t=(e=s[r]).getAttribute(\"data-secret\"))||(t=Math.random().toString(36).substring(2,12),e.src+=\"#?secret=\"+t,e.setAttribute(\"data-secret\",t)),e.contentWindow.postMessage({message:\"ready\",secret:t},\"*\")},!1)))}(window,document);\n\/* ]]> *\/\n<\/script>\n","description":"Ich bin nach dem Krieg in Th\u00fcringen gro\u00df geworden. Wenn wir Kinder ein wenig Bl\u00f6dsinn machten, kam die Ermahnung \u00bbMach keinen Gackel\u00ab oder \u00bbGackel nicht so\u00ab. Verteilte man dagegen Fu\u00dftritte, dann hie\u00df es: \u00bbDu sollst mich nicht demmeln\u00ab. Ich habe diese W\u00f6rter sp\u00e4ter nie wieder geh\u00f6rt, schon gar nicht im Schw\u00e4bischen, wo ich seit \u00fcber [&hellip;]"}

Ich bin nach dem Krieg in Thüringen groß geworden. Wenn wir Kinder ein wenig Blödsinn machten, kam die Ermahnung »Mach keinen Gackel« oder »Gackel nicht so«. Verteilte man dagegen Fußtritte, dann hieß es: »Du sollst mich nicht demmeln«. Ich habe diese Wörter später nie wieder gehört, schon gar nicht im Schwäbischen, wo ich seit über [&hellip;]
