{"version":"1.0","provider_name":"ZEIT der Leser","provider_url":"https:\/\/blog.zeit.de\/zeit-der-leser","author_name":"\"Zeit der Leser\"-Redaktion","author_url":"https:\/\/blog.zeit.de\/zeit-der-leser\/author\/zeit-der-leser-redaktion\/","title":"Logorrh\u00f6e: Mein Wort-Schatz - ZEIT der Leser","type":"rich","width":600,"height":338,"html":"<blockquote class=\"wp-embedded-content\" data-secret=\"62G6gnhT2Y\"><a href=\"https:\/\/blog.zeit.de\/zeit-der-leser\/2013\/04\/11\/mein-wort-schatz-logorrhoee\/\">Logorrh\u00f6e: Mein Wort-Schatz<\/a><\/blockquote><iframe sandbox=\"allow-scripts\" security=\"restricted\" src=\"https:\/\/blog.zeit.de\/zeit-der-leser\/2013\/04\/11\/mein-wort-schatz-logorrhoee\/embed\/#?secret=62G6gnhT2Y\" width=\"600\" height=\"338\" title=\"&#8222;Logorrh\u00f6e: Mein Wort-Schatz&#8220; &#8212; ZEIT der Leser\" data-secret=\"62G6gnhT2Y\" frameborder=\"0\" marginwidth=\"0\" marginheight=\"0\" scrolling=\"no\" class=\"wp-embedded-content\"><\/iframe><script type=\"text\/javascript\">\n\/* <![CDATA[ *\/\n\/*! This file is auto-generated *\/\n!function(d,l){\"use strict\";l.querySelector&&d.addEventListener&&\"undefined\"!=typeof URL&&(d.wp=d.wp||{},d.wp.receiveEmbedMessage||(d.wp.receiveEmbedMessage=function(e){var t=e.data;if((t||t.secret||t.message||t.value)&&!\/[^a-zA-Z0-9]\/.test(t.secret)){for(var s,r,n,a=l.querySelectorAll('iframe[data-secret=\"'+t.secret+'\"]'),o=l.querySelectorAll('blockquote[data-secret=\"'+t.secret+'\"]'),c=new RegExp(\"^https?:$\",\"i\"),i=0;i<o.length;i++)o[i].style.display=\"none\";for(i=0;i<a.length;i++)s=a[i],e.source===s.contentWindow&&(s.removeAttribute(\"style\"),\"height\"===t.message?(1e3<(r=parseInt(t.value,10))?r=1e3:~~r<200&&(r=200),s.height=r):\"link\"===t.message&&(r=new URL(s.getAttribute(\"src\")),n=new URL(t.value),c.test(n.protocol))&&n.host===r.host&&l.activeElement===s&&(d.top.location.href=t.value))}},d.addEventListener(\"message\",d.wp.receiveEmbedMessage,!1),l.addEventListener(\"DOMContentLoaded\",function(){for(var e,t,s=l.querySelectorAll(\"iframe.wp-embedded-content\"),r=0;r<s.length;r++)(t=(e=s[r]).getAttribute(\"data-secret\"))||(t=Math.random().toString(36).substring(2,12),e.src+=\"#?secret=\"+t,e.setAttribute(\"data-secret\",t)),e.contentWindow.postMessage({message:\"ready\",secret:t},\"*\")},!1)))}(window,document);\n\/* ]]> *\/\n<\/script>\n","description":"Als der Latein- und Griechisch-Kollege den Begriff zum ersten Mal verwandte \u2013 Anlass war der Redeschwall eines Museumsf\u00fchrers \u2013 hielt ich Logorrh\u00f6e f\u00fcr ein Kunstwort, spontan gebildet als Parallele zur Diarrh\u00f6e. Doch ein Blick in den Fremdw\u00f6rter-Duden belehrte mich eines Besseren: Es gibt den Begriff tats\u00e4chlich \u2013 als medizinischen Fachbegriff f\u00fcr \u00bbkrankhafte Geschw\u00e4tzigkeit\u00ab. Nun ist [&hellip;]"}

Logorrhöe: Mein Wort-Schatz - ZEIT der Leser

<blockquote class="wp-embedded-content" data-secret="62G6gnhT2Y"><a href="https://blog.zeit.de/zeit-der-leser/2013/04/11/mein-wort-schatz-logorrhoee/">Logorrhöe: Mein Wort-Schatz</a></blockquote><iframe sandbox="allow-scripts" security="restricted" src="https://blog.zeit.de/zeit-der-leser/2013/04/11/mein-wort-schatz-logorrhoee/embed/#?secret=62G6gnhT2Y" width="600" height="338" title="&#8222;Logorrhöe: Mein Wort-Schatz&#8220; &#8212; ZEIT der Leser" data-secret="62G6gnhT2Y" frameborder="0" marginwidth="0" marginheight="0" scrolling="no" class="wp-embedded-content"></iframe><script type="text/javascript">
/* <![CDATA[ */
/*! This file is auto-generated */
!function(d,l){"use strict";l.querySelector&&d.addEventListener&&"undefined"!=typeof URL&&(d.wp=d.wp||{},d.wp.receiveEmbedMessage||(d.wp.receiveEmbedMessage=function(e){var t=e.data;if((t||t.secret||t.message||t.value)&&!/[^a-zA-Z0-9]/.test(t.secret)){for(var s,r,n,a=l.querySelectorAll('iframe[data-secret="'+t.secret+'"]'),o=l.querySelectorAll('blockquote[data-secret="'+t.secret+'"]'),c=new RegExp("^https?:$","i"),i=0;i<o.length;i++)o[i].style.display="none";for(i=0;i<a.length;i++)s=a[i],e.source===s.contentWindow&&(s.removeAttribute("style"),"height"===t.message?(1e3<(r=parseInt(t.value,10))?r=1e3:~~r<200&&(r=200),s.height=r):"link"===t.message&&(r=new URL(s.getAttribute("src")),n=new URL(t.value),c.test(n.protocol))&&n.host===r.host&&l.activeElement===s&&(d.top.location.href=t.value))}},d.addEventListener("message",d.wp.receiveEmbedMessage,!1),l.addEventListener("DOMContentLoaded",function(){for(var e,t,s=l.querySelectorAll("iframe.wp-embedded-content"),r=0;r<s.length;r++)(t=(e=s[r]).getAttribute("data-secret"))||(t=Math.random().toString(36).substring(2,12),e.src+="#?secret="+t,e.setAttribute("data-secret",t)),e.contentWindow.postMessage({message:"ready",secret:t},"*")},!1)))}(window,document);
/* ]]> */
</script>

Als der Latein- und Griechisch-Kollege den Begriff zum ersten Mal verwandte – Anlass war der Redeschwall eines Museumsführers – hielt ich Logorrhöe für ein Kunstwort, spontan gebildet als Parallele zur Diarrhöe. Doch ein Blick in den Fremdwörter-Duden belehrte mich eines Besseren: Es gibt den Begriff tatsächlich – als medizinischen Fachbegriff für »krankhafte Geschwätzigkeit«. Nun ist [&hellip;]
