{"version":"1.0","provider_name":"ZEIT der Leser","provider_url":"https:\/\/blog.zeit.de\/zeit-der-leser","author_name":"\"Zeit der Leser\"-Redaktion","author_url":"https:\/\/blog.zeit.de\/zeit-der-leser\/author\/zeit-der-leser-redaktion\/","title":"Zeitsprung: Auf dem Gipfel - ZEIT der Leser","type":"rich","width":600,"height":338,"html":"<blockquote class=\"wp-embedded-content\" data-secret=\"LAI86FAI5y\"><a href=\"https:\/\/blog.zeit.de\/zeit-der-leser\/2013\/04\/19\/zeitsprung-auf-dem-gipfel\/\">Zeitsprung: Auf dem Gipfel<\/a><\/blockquote><iframe sandbox=\"allow-scripts\" security=\"restricted\" src=\"https:\/\/blog.zeit.de\/zeit-der-leser\/2013\/04\/19\/zeitsprung-auf-dem-gipfel\/embed\/#?secret=LAI86FAI5y\" width=\"600\" height=\"338\" title=\"&#8222;Zeitsprung: Auf dem Gipfel&#8220; &#8212; ZEIT der Leser\" data-secret=\"LAI86FAI5y\" frameborder=\"0\" marginwidth=\"0\" marginheight=\"0\" scrolling=\"no\" class=\"wp-embedded-content\"><\/iframe><script type=\"text\/javascript\">\n\/* <![CDATA[ *\/\n\/*! This file is auto-generated *\/\n!function(d,l){\"use strict\";l.querySelector&&d.addEventListener&&\"undefined\"!=typeof URL&&(d.wp=d.wp||{},d.wp.receiveEmbedMessage||(d.wp.receiveEmbedMessage=function(e){var t=e.data;if((t||t.secret||t.message||t.value)&&!\/[^a-zA-Z0-9]\/.test(t.secret)){for(var s,r,n,a=l.querySelectorAll('iframe[data-secret=\"'+t.secret+'\"]'),o=l.querySelectorAll('blockquote[data-secret=\"'+t.secret+'\"]'),c=new RegExp(\"^https?:$\",\"i\"),i=0;i<o.length;i++)o[i].style.display=\"none\";for(i=0;i<a.length;i++)s=a[i],e.source===s.contentWindow&&(s.removeAttribute(\"style\"),\"height\"===t.message?(1e3<(r=parseInt(t.value,10))?r=1e3:~~r<200&&(r=200),s.height=r):\"link\"===t.message&&(r=new URL(s.getAttribute(\"src\")),n=new URL(t.value),c.test(n.protocol))&&n.host===r.host&&l.activeElement===s&&(d.top.location.href=t.value))}},d.addEventListener(\"message\",d.wp.receiveEmbedMessage,!1),l.addEventListener(\"DOMContentLoaded\",function(){for(var e,t,s=l.querySelectorAll(\"iframe.wp-embedded-content\"),r=0;r<s.length;r++)(t=(e=s[r]).getAttribute(\"data-secret\"))||(t=Math.random().toString(36).substring(2,12),e.src+=\"#?secret=\"+t,e.setAttribute(\"data-secret\",t)),e.contentWindow.postMessage({message:\"ready\",secret:t},\"*\")},!1)))}(window,document);\n\/* ]]> *\/\n<\/script>\n","description":"Mein Urgro\u00dfvater Felix von Cube, ein Naturforscher und Bergsteiger, bestieg Anfang des letzten Jahrhunderts viele noch unber\u00fchrte Gipfel im korsischen Gebirge und erstellte eine detaillierte Karte. F\u00fcr seine Pioniert\u00e4tigkeit dankten ihm die Korsen, indem sie einen ihrer Berge nach ihm benannten. Im letzten Sommer nun ging f\u00fcr meinen Vater Thomas ein lang gehegter Wunsch in [&hellip;]","thumbnail_url":"https:\/\/blog.zeit.de\/zeit-der-leser\/files\/2013\/04\/s96-zeitsprung-1904.jpg"}

Mein Urgroßvater Felix von Cube, ein Naturforscher und Bergsteiger, bestieg Anfang des letzten Jahrhunderts viele noch unberührte Gipfel im korsischen Gebirge und erstellte eine detaillierte Karte. Für seine Pioniertätigkeit dankten ihm die Korsen, indem sie einen ihrer Berge nach ihm benannten. Im letzten Sommer nun ging für meinen Vater Thomas ein lang gehegter Wunsch in [&hellip;]
