{"version":"1.0","provider_name":"ZEIT der Leser","provider_url":"https:\/\/blog.zeit.de\/zeit-der-leser","author_name":"\"Zeit der Leser\"-Redaktion","author_url":"https:\/\/blog.zeit.de\/zeit-der-leser\/author\/zeit-der-leser-redaktion\/","title":"Zeitsprung: Wer ist wer? - ZEIT der Leser","type":"rich","width":600,"height":338,"html":"<blockquote class=\"wp-embedded-content\" data-secret=\"yJZCWr5Dr2\"><a href=\"https:\/\/blog.zeit.de\/zeit-der-leser\/2013\/06\/12\/zeitsprung-wer-ist-wer\/\">Zeitsprung: Wer ist wer?<\/a><\/blockquote><iframe sandbox=\"allow-scripts\" security=\"restricted\" src=\"https:\/\/blog.zeit.de\/zeit-der-leser\/2013\/06\/12\/zeitsprung-wer-ist-wer\/embed\/#?secret=yJZCWr5Dr2\" width=\"600\" height=\"338\" title=\"&#8222;Zeitsprung: Wer ist wer?&#8220; &#8212; ZEIT der Leser\" data-secret=\"yJZCWr5Dr2\" frameborder=\"0\" marginwidth=\"0\" marginheight=\"0\" scrolling=\"no\" class=\"wp-embedded-content\"><\/iframe><script type=\"text\/javascript\">\n\/* <![CDATA[ *\/\n\/*! This file is auto-generated *\/\n!function(d,l){\"use strict\";l.querySelector&&d.addEventListener&&\"undefined\"!=typeof URL&&(d.wp=d.wp||{},d.wp.receiveEmbedMessage||(d.wp.receiveEmbedMessage=function(e){var t=e.data;if((t||t.secret||t.message||t.value)&&!\/[^a-zA-Z0-9]\/.test(t.secret)){for(var s,r,n,a=l.querySelectorAll('iframe[data-secret=\"'+t.secret+'\"]'),o=l.querySelectorAll('blockquote[data-secret=\"'+t.secret+'\"]'),c=new RegExp(\"^https?:$\",\"i\"),i=0;i<o.length;i++)o[i].style.display=\"none\";for(i=0;i<a.length;i++)s=a[i],e.source===s.contentWindow&&(s.removeAttribute(\"style\"),\"height\"===t.message?(1e3<(r=parseInt(t.value,10))?r=1e3:~~r<200&&(r=200),s.height=r):\"link\"===t.message&&(r=new URL(s.getAttribute(\"src\")),n=new URL(t.value),c.test(n.protocol))&&n.host===r.host&&l.activeElement===s&&(d.top.location.href=t.value))}},d.addEventListener(\"message\",d.wp.receiveEmbedMessage,!1),l.addEventListener(\"DOMContentLoaded\",function(){for(var e,t,s=l.querySelectorAll(\"iframe.wp-embedded-content\"),r=0;r<s.length;r++)(t=(e=s[r]).getAttribute(\"data-secret\"))||(t=Math.random().toString(36).substring(2,12),e.src+=\"#?secret=\"+t,e.setAttribute(\"data-secret\",t)),e.contentWindow.postMessage({message:\"ready\",secret:t},\"*\")},!1)))}(window,document);\n\/* ]]> *\/\n<\/script>\n","description":"Diese Frage stellte uns unsere Tochter auf dem selbst gebastelten Kalenderblatt, das Fotos von unseren Enkelkindern Marie Luise und Alma Sophia zeigt. Die Aufnahmen entstanden im November 2003 und im M\u00e4rz 2013, als die M\u00e4dchen jeweils etwa drei Monate alt waren. Nat\u00fcrlich konnte die Gro\u00dfmutter diese Frage ohne gr\u00f6\u00dfere Schwierigkeiten beantworten! Gisela und Martin Peisker,\u00a0Gatersleben, [&hellip;]","thumbnail_url":"https:\/\/blog.zeit.de\/zeit-der-leser\/files\/2013\/06\/s80-zeitsprung.jpg"}

Diese Frage stellte uns unsere Tochter auf dem selbst gebastelten Kalenderblatt, das Fotos von unseren Enkelkindern Marie Luise und Alma Sophia zeigt. Die Aufnahmen entstanden im November 2003 und im März 2013, als die Mädchen jeweils etwa drei Monate alt waren. Natürlich konnte die Großmutter diese Frage ohne größere Schwierigkeiten beantworten! Gisela und Martin Peisker, Gatersleben, [&hellip;]
