{"version":"1.0","provider_name":"ZEIT der Leser","provider_url":"https:\/\/blog.zeit.de\/zeit-der-leser","author_name":"\"Zeit der Leser\"-Redaktion","author_url":"https:\/\/blog.zeit.de\/zeit-der-leser\/author\/zeit-der-leser-redaktion\/","title":"Aus meinem Garten - ZEIT der Leser","type":"rich","width":600,"height":338,"html":"<blockquote class=\"wp-embedded-content\" data-secret=\"laWtZci5ln\"><a href=\"https:\/\/blog.zeit.de\/zeit-der-leser\/2013\/06\/29\/aus-meinem-garten-9\/\">Aus meinem Garten<\/a><\/blockquote><iframe sandbox=\"allow-scripts\" security=\"restricted\" src=\"https:\/\/blog.zeit.de\/zeit-der-leser\/2013\/06\/29\/aus-meinem-garten-9\/embed\/#?secret=laWtZci5ln\" width=\"600\" height=\"338\" title=\"&#8222;Aus meinem Garten&#8220; &#8212; ZEIT der Leser\" data-secret=\"laWtZci5ln\" frameborder=\"0\" marginwidth=\"0\" marginheight=\"0\" scrolling=\"no\" class=\"wp-embedded-content\"><\/iframe><script type=\"text\/javascript\">\n\/* <![CDATA[ *\/\n\/*! This file is auto-generated *\/\n!function(d,l){\"use strict\";l.querySelector&&d.addEventListener&&\"undefined\"!=typeof URL&&(d.wp=d.wp||{},d.wp.receiveEmbedMessage||(d.wp.receiveEmbedMessage=function(e){var t=e.data;if((t||t.secret||t.message||t.value)&&!\/[^a-zA-Z0-9]\/.test(t.secret)){for(var s,r,n,a=l.querySelectorAll('iframe[data-secret=\"'+t.secret+'\"]'),o=l.querySelectorAll('blockquote[data-secret=\"'+t.secret+'\"]'),c=new RegExp(\"^https?:$\",\"i\"),i=0;i<o.length;i++)o[i].style.display=\"none\";for(i=0;i<a.length;i++)s=a[i],e.source===s.contentWindow&&(s.removeAttribute(\"style\"),\"height\"===t.message?(1e3<(r=parseInt(t.value,10))?r=1e3:~~r<200&&(r=200),s.height=r):\"link\"===t.message&&(r=new URL(s.getAttribute(\"src\")),n=new URL(t.value),c.test(n.protocol))&&n.host===r.host&&l.activeElement===s&&(d.top.location.href=t.value))}},d.addEventListener(\"message\",d.wp.receiveEmbedMessage,!1),l.addEventListener(\"DOMContentLoaded\",function(){for(var e,t,s=l.querySelectorAll(\"iframe.wp-embedded-content\"),r=0;r<s.length;r++)(t=(e=s[r]).getAttribute(\"data-secret\"))||(t=Math.random().toString(36).substring(2,12),e.src+=\"#?secret=\"+t,e.setAttribute(\"data-secret\",t)),e.contentWindow.postMessage({message:\"ready\",secret:t},\"*\")},!1)))}(window,document);\n\/* ]]> *\/\n<\/script>\n","description":"Meine Gro\u00dfmutter starb 1981. Seit 1985 lebe ich in dem Haus und in dem Garten, die sie uns hinterlassen hat, und freue mich an Fliederb\u00e4umen, Buchs und Rosen, die sie vor \u00fcber 60 Jahren gepflanzt hat. Ein weiteres Erbe ist der Wei\u00dfe Lerchensporn (Pseudofumaria alba), eine kleine, aber \u00e4u\u00dferst dankbare und z\u00e4he Pflanze, die von [&hellip;]","thumbnail_url":"https:\/\/blog.zeit.de\/zeit-der-leser\/files\/2013\/06\/s72-garten.jpg"}

Meine Großmutter starb 1981. Seit 1985 lebe ich in dem Haus und in dem Garten, die sie uns hinterlassen hat, und freue mich an Fliederbäumen, Buchs und Rosen, die sie vor über 60 Jahren gepflanzt hat. Ein weiteres Erbe ist der Weiße Lerchensporn (Pseudofumaria alba), eine kleine, aber äußerst dankbare und zähe Pflanze, die von [&hellip;]
