{"version":"1.0","provider_name":"ZEIT der Leser","provider_url":"https:\/\/blog.zeit.de\/zeit-der-leser","author_name":"\"Zeit der Leser\"-Redaktion","author_url":"https:\/\/blog.zeit.de\/zeit-der-leser\/author\/zeit-der-leser-redaktion\/","title":"Was mein Leben reicher macht - ZEIT der Leser","type":"rich","width":600,"height":338,"html":"<blockquote class=\"wp-embedded-content\" data-secret=\"N7FQh9d85o\"><a href=\"https:\/\/blog.zeit.de\/zeit-der-leser\/2013\/07\/14\/was-mein-leben-reicher-macht-1348\/\">Was mein Leben reicher macht<\/a><\/blockquote><iframe sandbox=\"allow-scripts\" security=\"restricted\" src=\"https:\/\/blog.zeit.de\/zeit-der-leser\/2013\/07\/14\/was-mein-leben-reicher-macht-1348\/embed\/#?secret=N7FQh9d85o\" width=\"600\" height=\"338\" title=\"&#8222;Was mein Leben reicher macht&#8220; &#8212; ZEIT der Leser\" data-secret=\"N7FQh9d85o\" frameborder=\"0\" marginwidth=\"0\" marginheight=\"0\" scrolling=\"no\" class=\"wp-embedded-content\"><\/iframe><script type=\"text\/javascript\">\n\/* <![CDATA[ *\/\n\/*! This file is auto-generated *\/\n!function(d,l){\"use strict\";l.querySelector&&d.addEventListener&&\"undefined\"!=typeof URL&&(d.wp=d.wp||{},d.wp.receiveEmbedMessage||(d.wp.receiveEmbedMessage=function(e){var t=e.data;if((t||t.secret||t.message||t.value)&&!\/[^a-zA-Z0-9]\/.test(t.secret)){for(var s,r,n,a=l.querySelectorAll('iframe[data-secret=\"'+t.secret+'\"]'),o=l.querySelectorAll('blockquote[data-secret=\"'+t.secret+'\"]'),c=new RegExp(\"^https?:$\",\"i\"),i=0;i<o.length;i++)o[i].style.display=\"none\";for(i=0;i<a.length;i++)s=a[i],e.source===s.contentWindow&&(s.removeAttribute(\"style\"),\"height\"===t.message?(1e3<(r=parseInt(t.value,10))?r=1e3:~~r<200&&(r=200),s.height=r):\"link\"===t.message&&(r=new URL(s.getAttribute(\"src\")),n=new URL(t.value),c.test(n.protocol))&&n.host===r.host&&l.activeElement===s&&(d.top.location.href=t.value))}},d.addEventListener(\"message\",d.wp.receiveEmbedMessage,!1),l.addEventListener(\"DOMContentLoaded\",function(){for(var e,t,s=l.querySelectorAll(\"iframe.wp-embedded-content\"),r=0;r<s.length;r++)(t=(e=s[r]).getAttribute(\"data-secret\"))||(t=Math.random().toString(36).substring(2,12),e.src+=\"#?secret=\"+t,e.setAttribute(\"data-secret\",t)),e.contentWindow.postMessage({message:\"ready\",secret:t},\"*\")},!1)))}(window,document);\n\/* ]]> *\/\n<\/script>\n","description":"Der Blick unserer f\u00fcnfj\u00e4hrigen geh\u00f6rlosen Adoptivtochter, wenn sich der Papa nach dem noch etwas undeutlichen Ruf \u00bbBaba\u00ab tats\u00e4chlich zu ihr umdreht. Bis vor einem Jahr hat sie in v\u00f6lliger Stille in einem Kinderheim in Haiti gelebt. Jetzt lernt sie dank eines Implantats langsam H\u00f6ren und Sprechen. Innigsten Dank allen, die uns dreien das erm\u00f6glicht haben. [&hellip;]"}

Der Blick unserer fünfjährigen gehörlosen Adoptivtochter, wenn sich der Papa nach dem noch etwas undeutlichen Ruf »Baba« tatsächlich zu ihr umdreht. Bis vor einem Jahr hat sie in völliger Stille in einem Kinderheim in Haiti gelebt. Jetzt lernt sie dank eines Implantats langsam Hören und Sprechen. Innigsten Dank allen, die uns dreien das ermöglicht haben. [&hellip;]
