{"version":"1.0","provider_name":"ZEIT der Leser","provider_url":"https:\/\/blog.zeit.de\/zeit-der-leser","author_name":"\"Zeit der Leser\"-Redaktion","author_url":"https:\/\/blog.zeit.de\/zeit-der-leser\/author\/zeit-der-leser-redaktion\/","title":"Aus meinem Garten - ZEIT der Leser","type":"rich","width":600,"height":338,"html":"<blockquote class=\"wp-embedded-content\" data-secret=\"c74a75Jq3u\"><a href=\"https:\/\/blog.zeit.de\/zeit-der-leser\/2013\/07\/23\/aus-meinem-garten-11\/\">Aus meinem Garten<\/a><\/blockquote><iframe sandbox=\"allow-scripts\" security=\"restricted\" src=\"https:\/\/blog.zeit.de\/zeit-der-leser\/2013\/07\/23\/aus-meinem-garten-11\/embed\/#?secret=c74a75Jq3u\" width=\"600\" height=\"338\" title=\"&#8222;Aus meinem Garten&#8220; &#8212; ZEIT der Leser\" data-secret=\"c74a75Jq3u\" frameborder=\"0\" marginwidth=\"0\" marginheight=\"0\" scrolling=\"no\" class=\"wp-embedded-content\"><\/iframe><script type=\"text\/javascript\">\n\/* <![CDATA[ *\/\n\/*! This file is auto-generated *\/\n!function(d,l){\"use strict\";l.querySelector&&d.addEventListener&&\"undefined\"!=typeof URL&&(d.wp=d.wp||{},d.wp.receiveEmbedMessage||(d.wp.receiveEmbedMessage=function(e){var t=e.data;if((t||t.secret||t.message||t.value)&&!\/[^a-zA-Z0-9]\/.test(t.secret)){for(var s,r,n,a=l.querySelectorAll('iframe[data-secret=\"'+t.secret+'\"]'),o=l.querySelectorAll('blockquote[data-secret=\"'+t.secret+'\"]'),c=new RegExp(\"^https?:$\",\"i\"),i=0;i<o.length;i++)o[i].style.display=\"none\";for(i=0;i<a.length;i++)s=a[i],e.source===s.contentWindow&&(s.removeAttribute(\"style\"),\"height\"===t.message?(1e3<(r=parseInt(t.value,10))?r=1e3:~~r<200&&(r=200),s.height=r):\"link\"===t.message&&(r=new URL(s.getAttribute(\"src\")),n=new URL(t.value),c.test(n.protocol))&&n.host===r.host&&l.activeElement===s&&(d.top.location.href=t.value))}},d.addEventListener(\"message\",d.wp.receiveEmbedMessage,!1),l.addEventListener(\"DOMContentLoaded\",function(){for(var e,t,s=l.querySelectorAll(\"iframe.wp-embedded-content\"),r=0;r<s.length;r++)(t=(e=s[r]).getAttribute(\"data-secret\"))||(t=Math.random().toString(36).substring(2,12),e.src+=\"#?secret=\"+t,e.setAttribute(\"data-secret\",t)),e.contentWindow.postMessage({message:\"ready\",secret:t},\"*\")},!1)))}(window,document);\n\/* ]]> *\/\n<\/script>\n","description":"Als Jugendlicher habe ich aus Neugierde einen Grapefruitkern in einen Blumentopf gesteckt. Schon bald stie\u00df ein Keimling aus der Erde, und seitdem begleitet der immer gr\u00f6\u00dfer werdende Baum mein leben. Ich habe es l\u00e4ngst aufgegeben, ihn regelm\u00e4\u00dfig umzutopfen. Und jetzt, ich\u00a0konnte es kaum glauben, haben sich nach vielen Jahren mehr oder weniger guter Pflege herrlich [&hellip;]","thumbnail_url":"https:\/\/blog.zeit.de\/zeit-der-leser\/files\/2013\/07\/s76-aus-meinem-garten.jpg"}

Als Jugendlicher habe ich aus Neugierde einen Grapefruitkern in einen Blumentopf gesteckt. Schon bald stieß ein Keimling aus der Erde, und seitdem begleitet der immer größer werdende Baum mein leben. Ich habe es längst aufgegeben, ihn regelmäßig umzutopfen. Und jetzt, ich konnte es kaum glauben, haben sich nach vielen Jahren mehr oder weniger guter Pflege herrlich [&hellip;]
