{"version":"1.0","provider_name":"ZEIT der Leser","provider_url":"https:\/\/blog.zeit.de\/zeit-der-leser","author_name":"\"Zeit der Leser\"-Redaktion","author_url":"https:\/\/blog.zeit.de\/zeit-der-leser\/author\/zeit-der-leser-redaktion\/","title":"Zeitsprung: Die Kraft der Natur - ZEIT der Leser","type":"rich","width":600,"height":338,"html":"<blockquote class=\"wp-embedded-content\" data-secret=\"x8Tzx4QAmo\"><a href=\"https:\/\/blog.zeit.de\/zeit-der-leser\/2013\/08\/13\/zeitsprung-die-kraft-der-natur\/\">Zeitsprung: Die Kraft der Natur<\/a><\/blockquote><iframe sandbox=\"allow-scripts\" security=\"restricted\" src=\"https:\/\/blog.zeit.de\/zeit-der-leser\/2013\/08\/13\/zeitsprung-die-kraft-der-natur\/embed\/#?secret=x8Tzx4QAmo\" width=\"600\" height=\"338\" title=\"&#8222;Zeitsprung: Die Kraft der Natur&#8220; &#8212; ZEIT der Leser\" data-secret=\"x8Tzx4QAmo\" frameborder=\"0\" marginwidth=\"0\" marginheight=\"0\" scrolling=\"no\" class=\"wp-embedded-content\"><\/iframe><script type=\"text\/javascript\">\n\/* <![CDATA[ *\/\n\/*! This file is auto-generated *\/\n!function(d,l){\"use strict\";l.querySelector&&d.addEventListener&&\"undefined\"!=typeof URL&&(d.wp=d.wp||{},d.wp.receiveEmbedMessage||(d.wp.receiveEmbedMessage=function(e){var t=e.data;if((t||t.secret||t.message||t.value)&&!\/[^a-zA-Z0-9]\/.test(t.secret)){for(var s,r,n,a=l.querySelectorAll('iframe[data-secret=\"'+t.secret+'\"]'),o=l.querySelectorAll('blockquote[data-secret=\"'+t.secret+'\"]'),c=new RegExp(\"^https?:$\",\"i\"),i=0;i<o.length;i++)o[i].style.display=\"none\";for(i=0;i<a.length;i++)s=a[i],e.source===s.contentWindow&&(s.removeAttribute(\"style\"),\"height\"===t.message?(1e3<(r=parseInt(t.value,10))?r=1e3:~~r<200&&(r=200),s.height=r):\"link\"===t.message&&(r=new URL(s.getAttribute(\"src\")),n=new URL(t.value),c.test(n.protocol))&&n.host===r.host&&l.activeElement===s&&(d.top.location.href=t.value))}},d.addEventListener(\"message\",d.wp.receiveEmbedMessage,!1),l.addEventListener(\"DOMContentLoaded\",function(){for(var e,t,s=l.querySelectorAll(\"iframe.wp-embedded-content\"),r=0;r<s.length;r++)(t=(e=s[r]).getAttribute(\"data-secret\"))||(t=Math.random().toString(36).substring(2,12),e.src+=\"#?secret=\"+t,e.setAttribute(\"data-secret\",t)),e.contentWindow.postMessage({message:\"ready\",secret:t},\"*\")},!1)))}(window,document);\n\/* ]]> *\/\n<\/script>\n","description":"Im Herbst 2012 haben Fachleute die Weide auf meiner Wiese beschnitten. Danach tat mir der Baum leid: Ich wollte nicht glauben, dass er schon bald wieder seine beeindruckende Krone tragen w\u00fcrde. Aber jetzt, neun Monate sp\u00e4ter, freue ich mich sehr dar\u00fcber, dass die Weide gesund ist und ein pr\u00e4chtiges Laubwerk gebildet hat. So dicht wird [&hellip;]","thumbnail_url":"https:\/\/blog.zeit.de\/zeit-der-leser\/files\/2013\/08\/s70-zeitsprung-2.jpg"}

Im Herbst 2012 haben Fachleute die Weide auf meiner Wiese beschnitten. Danach tat mir der Baum leid: Ich wollte nicht glauben, dass er schon bald wieder seine beeindruckende Krone tragen würde. Aber jetzt, neun Monate später, freue ich mich sehr darüber, dass die Weide gesund ist und ein prächtiges Laubwerk gebildet hat. So dicht wird [&hellip;]
