{"id":2,"date":"2010-03-02T12:30:31","date_gmt":"2010-03-02T12:30:31","guid":{"rendered":""},"modified":"2010-04-26T08:44:03","modified_gmt":"2010-04-26T06:44:03","slug":"ueber-mich","status":"publish","type":"page","link":"https:\/\/blog.zeit.de\/zeit-der-leser\/ueber-mich\/","title":{"rendered":"Was ist die ZEIT der Leser?"},"content":{"rendered":"<p>Liebe ZEIT-Leser,<\/p>\n<p>herzlich willkommen auf Ihrem Blog! Diese Seite ist Forum f\u00fcr alle kreativen, meinungsstarken, klugen, neugierigen und w\u00fctenden ZEIT-Leser. Werden Sie zu Schreibern!<\/p>\n<p>Egal, ob Sie Ihrer Emp\u00f6rung \u00fcber eine Ungerechtigkeit Luft machen wollen, oder eine sch\u00f6ne Erfahrung oder ein eigenes Gedicht mit anderen teilen m\u00f6chten &#8211; <em>ZEIT der Leser<\/em> ist der richtige Ort.<\/p>\n<p>Die gedruckte ZEIT der Leser erscheint ab heute Woche f\u00fcr Woche als neue Seite der ZEIT. F\u00fcr die erste Ausgabe sendeten Sie uns so viele gute Artikel, dass wir eine ganze ZEIT h\u00e4tten damit f\u00fcllen k\u00f6nnen!<\/p>\n<p>Auf dem <em>ZEIT-der-Leser-Blog<\/em> k\u00f6nnen Sie nun ausgew\u00e4hlte Artikel lesen: Die der gedruckten Seite, und weitere, die dort keinen Platz mehr fanden. Es gibt verschiedene Kategorien, diese finden Sie am rechten Rand der Seite &#8211; mit einem Klick auf Ihre Lieblingskategorie k\u00f6nnen Sie sich alle Texte aus dieser anzeigen lassen.<\/p>\n<p>In Ihrem Blog k\u00f6nnen Sie nicht nur mehr, sondern auch \u00f6fter Neues lesen: T\u00e4glich werden wir neue gute Leserartikel ver\u00f6ffentlichen. Und wenn Sie m\u00f6gen, k\u00f6nnen Sie auch direkt auf die Artikel der anderen Leser antworten: Unter jedem Text gibt es die M\u00f6glichkeit, einen Kommentar zu hinterlassen.<\/p>\n<p>Schicken Sie uns Ihre Texte an leser@zeit.de! Die besten werden wir hier und in der gedruckten ZEIT der Leser ver\u00f6ffentlichen. Welche Kategorien es gibt und worauf Sie achten m\u00fcssen <a href=\"https:\/\/blog.zeit.de\/zeit-der-leser\/so-kommt-ihr-text-in-die-zeit-der-leser\">lesen Sie hier.<\/a><\/p>\n","protected":false},"excerpt":{"rendered":"<p>Liebe ZEIT-Leser, herzlich willkommen auf Ihrem Blog! Diese Seite ist Forum f\u00fcr alle kreativen, meinungsstarken, klugen, neugierigen und w\u00fctenden ZEIT-Leser. Werden Sie zu Schreibern! Egal, ob Sie Ihrer Emp\u00f6rung \u00fcber eine Ungerechtigkeit Luft machen wollen, oder eine sch\u00f6ne Erfahrung oder ein eigenes Gedicht mit anderen teilen m\u00f6chten &#8211; ZEIT der Leser ist der richtige Ort. [&hellip;]<\/p>\n","protected":false},"author":65,"featured_media":0,"parent":0,"menu_order":0,"comment_status":"closed","ping_status":"closed","template":"","meta":{"footnotes":""},"class_list":["post-2","page","type-page","status-publish","hentry"],"yoast_head":"<!-- This site is optimized with the Yoast SEO plugin v21.0 - https:\/\/yoast.com\/wordpress\/plugins\/seo\/ -->\n<title>Was ist die ZEIT der Leser? - ZEIT der Leser<\/title>\n<meta name=\"robots\" content=\"index, follow, max-snippet:-1, max-image-preview:large, max-video-preview:-1\" \/>\n<link rel=\"canonical\" href=\"https:\/\/blog.zeit.de\/zeit-der-leser\/ueber-mich\/\" \/>\n<meta property=\"og:locale\" content=\"de_DE\" \/>\n<meta property=\"og:type\" content=\"article\" \/>\n<meta property=\"og:title\" content=\"Was ist die ZEIT der Leser? - ZEIT der Leser\" \/>\n<meta property=\"og:description\" content=\"Liebe ZEIT-Leser, herzlich willkommen auf Ihrem Blog! Diese Seite ist Forum f\u00fcr alle kreativen, meinungsstarken, klugen, neugierigen und w\u00fctenden ZEIT-Leser. Werden Sie zu Schreibern! Egal, ob Sie Ihrer Emp\u00f6rung \u00fcber eine Ungerechtigkeit Luft machen wollen, oder eine sch\u00f6ne Erfahrung oder ein eigenes Gedicht mit anderen teilen m\u00f6chten &#8211; ZEIT der Leser ist der richtige Ort. [&hellip;]\" \/>\n<meta property=\"og:url\" content=\"https:\/\/blog.zeit.de\/zeit-der-leser\/ueber-mich\/\" \/>\n<meta property=\"og:site_name\" content=\"ZEIT der Leser\" \/>\n<meta property=\"article:modified_time\" content=\"2010-04-26T06:44:03+00:00\" \/>\n<meta name=\"twitter:card\" content=\"summary_large_image\" \/>\n<meta name=\"twitter:label1\" content=\"Gesch\u00e4tzte Lesezeit\" \/>\n\t<meta name=\"twitter:data1\" content=\"1\u00a0Minute\" \/>\n<script type=\"application\/ld+json\" class=\"yoast-schema-graph\">{\"@context\":\"https:\/\/schema.org\",\"@graph\":[{\"@type\":\"WebPage\",\"@id\":\"https:\/\/blog.zeit.de\/zeit-der-leser\/ueber-mich\/\",\"url\":\"https:\/\/blog.zeit.de\/zeit-der-leser\/ueber-mich\/\",\"name\":\"Was ist die ZEIT der Leser? - ZEIT der Leser\",\"isPartOf\":{\"@id\":\"https:\/\/blog.zeit.de\/zeit-der-leser\/#website\"},\"datePublished\":\"2010-03-02T12:30:31+00:00\",\"dateModified\":\"2010-04-26T06:44:03+00:00\",\"breadcrumb\":{\"@id\":\"https:\/\/blog.zeit.de\/zeit-der-leser\/ueber-mich\/#breadcrumb\"},\"inLanguage\":\"de\",\"potentialAction\":[{\"@type\":\"ReadAction\",\"target\":[\"https:\/\/blog.zeit.de\/zeit-der-leser\/ueber-mich\/\"]}]},{\"@type\":\"BreadcrumbList\",\"@id\":\"https:\/\/blog.zeit.de\/zeit-der-leser\/ueber-mich\/#breadcrumb\",\"itemListElement\":[{\"@type\":\"ListItem\",\"position\":1,\"name\":\"Startseite\",\"item\":\"https:\/\/blog.zeit.de\/zeit-der-leser\/\"},{\"@type\":\"ListItem\",\"position\":2,\"name\":\"Was ist die ZEIT der Leser?\"}]},{\"@type\":\"WebSite\",\"@id\":\"https:\/\/blog.zeit.de\/zeit-der-leser\/#website\",\"url\":\"https:\/\/blog.zeit.de\/zeit-der-leser\/\",\"name\":\"ZEIT der Leser\",\"description\":\"Ein Blog mit Ihren Notizen, Gedichten und Bildern f\u00fcr die gedruckte ZEIT\",\"potentialAction\":[{\"@type\":\"SearchAction\",\"target\":{\"@type\":\"EntryPoint\",\"urlTemplate\":\"https:\/\/blog.zeit.de\/zeit-der-leser\/?s={search_term_string}\"},\"query-input\":\"required name=search_term_string\"}],\"inLanguage\":\"de\"}]}<\/script>\n<!-- \/ Yoast SEO plugin. -->","yoast_head_json":{"title":"Was ist die ZEIT der Leser? - ZEIT der Leser","robots":{"index":"index","follow":"follow","max-snippet":"max-snippet:-1","max-image-preview":"max-image-preview:large","max-video-preview":"max-video-preview:-1"},"canonical":"https:\/\/blog.zeit.de\/zeit-der-leser\/ueber-mich\/","og_locale":"de_DE","og_type":"article","og_title":"Was ist die ZEIT der Leser? - ZEIT der Leser","og_description":"Liebe ZEIT-Leser, herzlich willkommen auf Ihrem Blog! Diese Seite ist Forum f\u00fcr alle kreativen, meinungsstarken, klugen, neugierigen und w\u00fctenden ZEIT-Leser. Werden Sie zu Schreibern! Egal, ob Sie Ihrer Emp\u00f6rung \u00fcber eine Ungerechtigkeit Luft machen wollen, oder eine sch\u00f6ne Erfahrung oder ein eigenes Gedicht mit anderen teilen m\u00f6chten &#8211; ZEIT der Leser ist der richtige Ort. [&hellip;]","og_url":"https:\/\/blog.zeit.de\/zeit-der-leser\/ueber-mich\/","og_site_name":"ZEIT der Leser","article_modified_time":"2010-04-26T06:44:03+00:00","twitter_card":"summary_large_image","twitter_misc":{"Gesch\u00e4tzte Lesezeit":"1\u00a0Minute"},"schema":{"@context":"https:\/\/schema.org","@graph":[{"@type":"WebPage","@id":"https:\/\/blog.zeit.de\/zeit-der-leser\/ueber-mich\/","url":"https:\/\/blog.zeit.de\/zeit-der-leser\/ueber-mich\/","name":"Was ist die ZEIT der Leser? - ZEIT der Leser","isPartOf":{"@id":"https:\/\/blog.zeit.de\/zeit-der-leser\/#website"},"datePublished":"2010-03-02T12:30:31+00:00","dateModified":"2010-04-26T06:44:03+00:00","breadcrumb":{"@id":"https:\/\/blog.zeit.de\/zeit-der-leser\/ueber-mich\/#breadcrumb"},"inLanguage":"de","potentialAction":[{"@type":"ReadAction","target":["https:\/\/blog.zeit.de\/zeit-der-leser\/ueber-mich\/"]}]},{"@type":"BreadcrumbList","@id":"https:\/\/blog.zeit.de\/zeit-der-leser\/ueber-mich\/#breadcrumb","itemListElement":[{"@type":"ListItem","position":1,"name":"Startseite","item":"https:\/\/blog.zeit.de\/zeit-der-leser\/"},{"@type":"ListItem","position":2,"name":"Was ist die ZEIT der Leser?"}]},{"@type":"WebSite","@id":"https:\/\/blog.zeit.de\/zeit-der-leser\/#website","url":"https:\/\/blog.zeit.de\/zeit-der-leser\/","name":"ZEIT der Leser","description":"Ein Blog mit Ihren Notizen, Gedichten und Bildern f\u00fcr die gedruckte ZEIT","potentialAction":[{"@type":"SearchAction","target":{"@type":"EntryPoint","urlTemplate":"https:\/\/blog.zeit.de\/zeit-der-leser\/?s={search_term_string}"},"query-input":"required name=search_term_string"}],"inLanguage":"de"}]}},"jetpack_sharing_enabled":true,"_links":{"self":[{"href":"https:\/\/blog.zeit.de\/zeit-der-leser\/wp-json\/wp\/v2\/pages\/2","targetHints":{"allow":["GET"]}}],"collection":[{"href":"https:\/\/blog.zeit.de\/zeit-der-leser\/wp-json\/wp\/v2\/pages"}],"about":[{"href":"https:\/\/blog.zeit.de\/zeit-der-leser\/wp-json\/wp\/v2\/types\/page"}],"author":[{"embeddable":true,"href":"https:\/\/blog.zeit.de\/zeit-der-leser\/wp-json\/wp\/v2\/users\/65"}],"replies":[{"embeddable":true,"href":"https:\/\/blog.zeit.de\/zeit-der-leser\/wp-json\/wp\/v2\/comments?post=2"}],"version-history":[{"count":0,"href":"https:\/\/blog.zeit.de\/zeit-der-leser\/wp-json\/wp\/v2\/pages\/2\/revisions"}],"wp:attachment":[{"href":"https:\/\/blog.zeit.de\/zeit-der-leser\/wp-json\/wp\/v2\/media?parent=2"}],"curies":[{"name":"wp","href":"https:\/\/api.w.org\/{rel}","templated":true}]}}

<p>Liebe ZEIT-Leser,</p>
<p>herzlich willkommen auf Ihrem Blog! Diese Seite ist Forum für alle kreativen, meinungsstarken, klugen, neugierigen und wütenden ZEIT-Leser. Werden Sie zu Schreibern!</p>
<p>Egal, ob Sie Ihrer Empörung über eine Ungerechtigkeit Luft machen wollen, oder eine schöne Erfahrung oder ein eigenes Gedicht mit anderen teilen möchten &#8211; <em>ZEIT der Leser</em> ist der richtige Ort.</p>
<p>Die gedruckte ZEIT der Leser erscheint ab heute Woche für Woche als neue Seite der ZEIT. Für die erste Ausgabe sendeten Sie uns so viele gute Artikel, dass wir eine ganze ZEIT hätten damit füllen können!</p>
<p>Auf dem <em>ZEIT-der-Leser-Blog</em> können Sie nun ausgewählte Artikel lesen: Die der gedruckten Seite, und weitere, die dort keinen Platz mehr fanden. Es gibt verschiedene Kategorien, diese finden Sie am rechten Rand der Seite &#8211; mit einem Klick auf Ihre Lieblingskategorie können Sie sich alle Texte aus dieser anzeigen lassen.</p>
<p>In Ihrem Blog können Sie nicht nur mehr, sondern auch öfter Neues lesen: Täglich werden wir neue gute Leserartikel veröffentlichen. Und wenn Sie mögen, können Sie auch direkt auf die Artikel der anderen Leser antworten: Unter jedem Text gibt es die Möglichkeit, einen Kommentar zu hinterlassen.</p>
<p>Schicken Sie uns Ihre Texte an leser@zeit.de! Die besten werden wir hier und in der gedruckten ZEIT der Leser veröffentlichen. Welche Kategorien es gibt und worauf Sie achten müssen <a href="https://blog.zeit.de/zeit-der-leser/so-kommt-ihr-text-in-die-zeit-der-leser">lesen Sie hier.</a></p>

<p>Liebe ZEIT-Leser, herzlich willkommen auf Ihrem Blog! Diese Seite ist Forum für alle kreativen, meinungsstarken, klugen, neugierigen und wütenden ZEIT-Leser. Werden Sie zu Schreibern! Egal, ob Sie Ihrer Empörung über eine Ungerechtigkeit Luft machen wollen, oder eine schöne Erfahrung oder ein eigenes Gedicht mit anderen teilen möchten &#8211; ZEIT der Leser ist der richtige Ort. [&hellip;]</p>

<!-- This site is optimized with the Yoast SEO plugin v21.0 - https://yoast.com/wordpress/plugins/seo/ -->
<title>Was ist die ZEIT der Leser? - ZEIT der Leser</title>
<meta name="robots" content="index, follow, max-snippet:-1, max-image-preview:large, max-video-preview:-1" />
<link rel="canonical" href="https://blog.zeit.de/zeit-der-leser/ueber-mich/" />
<meta property="og:locale" content="de_DE" />
<meta property="og:type" content="article" />
<meta property="og:title" content="Was ist die ZEIT der Leser? - ZEIT der Leser" />
<meta property="og:description" content="Liebe ZEIT-Leser, herzlich willkommen auf Ihrem Blog! Diese Seite ist Forum für alle kreativen, meinungsstarken, klugen, neugierigen und wütenden ZEIT-Leser. Werden Sie zu Schreibern! Egal, ob Sie Ihrer Empörung über eine Ungerechtigkeit Luft machen wollen, oder eine schöne Erfahrung oder ein eigenes Gedicht mit anderen teilen möchten &#8211; ZEIT der Leser ist der richtige Ort. [&hellip;]" />
<meta property="og:url" content="https://blog.zeit.de/zeit-der-leser/ueber-mich/" />
<meta property="og:site_name" content="ZEIT der Leser" />
<meta property="article:modified_time" content="2010-04-26T06:44:03+00:00" />
<meta name="twitter:card" content="summary_large_image" />
<meta name="twitter:label1" content="Geschätzte Lesezeit" />
	<meta name="twitter:data1" content="1 Minute" />
<script type="application/ld+json" class="yoast-schema-graph">{"@context":"https://schema.org","@graph":[{"@type":"WebPage","@id":"https://blog.zeit.de/zeit-der-leser/ueber-mich/","url":"https://blog.zeit.de/zeit-der-leser/ueber-mich/","name":"Was ist die ZEIT der Leser? - ZEIT der Leser","isPartOf":{"@id":"https://blog.zeit.de/zeit-der-leser/#website"},"datePublished":"2010-03-02T12:30:31+00:00","dateModified":"2010-04-26T06:44:03+00:00","breadcrumb":{"@id":"https://blog.zeit.de/zeit-der-leser/ueber-mich/#breadcrumb"},"inLanguage":"de","potentialAction":[{"@type":"ReadAction","target":["https://blog.zeit.de/zeit-der-leser/ueber-mich/"]}]},{"@type":"BreadcrumbList","@id":"https://blog.zeit.de/zeit-der-leser/ueber-mich/#breadcrumb","itemListElement":[{"@type":"ListItem","position":1,"name":"Startseite","item":"https://blog.zeit.de/zeit-der-leser/"},{"@type":"ListItem","position":2,"name":"Was ist die ZEIT der Leser?"}]},{"@type":"WebSite","@id":"https://blog.zeit.de/zeit-der-leser/#website","url":"https://blog.zeit.de/zeit-der-leser/","name":"ZEIT der Leser","description":"Ein Blog mit Ihren Notizen, Gedichten und Bildern für die gedruckte ZEIT","potentialAction":[{"@type":"SearchAction","target":{"@type":"EntryPoint","urlTemplate":"https://blog.zeit.de/zeit-der-leser/?s={search_term_string}"},"query-input":"required name=search_term_string"}],"inLanguage":"de"}]}</script>
<!-- / Yoast SEO plugin. -->

Liebe ZEIT-Leser, herzlich willkommen auf Ihrem Blog! Diese Seite ist Forum für alle kreativen, meinungsstarken, klugen, neugierigen und wütenden ZEIT-Leser. Werden Sie zu Schreibern! Egal, ob Sie Ihrer Empörung über eine Ungerechtigkeit Luft machen wollen, oder eine schöne Erfahrung oder ein eigenes Gedicht mit anderen teilen möchten &#8211; ZEIT der Leser ist der richtige Ort. [&hellip;]

Ein Blog mit Ihren Notizen, Gedichten und Bildern für die gedruckte ZEIT
