{"version":"1.0","provider_name":"Heiter bis gl\u00fccklich","provider_url":"https:\/\/blog.zeit.de\/zeitmagazin","author_name":"ZEITmagazin","author_url":"https:\/\/blog.zeit.de\/zeitmagazin\/author\/katrin-dose\/","title":"Over Your Cities Grass Will Grow - Heiter bis gl\u00fccklich","type":"rich","width":600,"height":338,"html":"<blockquote class=\"wp-embedded-content\" data-secret=\"xp9h627RmP\"><a href=\"https:\/\/blog.zeit.de\/zeitmagazin\/2011\/11\/06\/over-your-cities-grass-will-grow\/\">Over Your Cities Grass Will Grow<\/a><\/blockquote><iframe sandbox=\"allow-scripts\" security=\"restricted\" src=\"https:\/\/blog.zeit.de\/zeitmagazin\/2011\/11\/06\/over-your-cities-grass-will-grow\/embed\/#?secret=xp9h627RmP\" width=\"600\" height=\"338\" title=\"&#8222;Over Your Cities Grass Will Grow&#8220; &#8212; Heiter bis gl\u00fccklich\" data-secret=\"xp9h627RmP\" frameborder=\"0\" marginwidth=\"0\" marginheight=\"0\" scrolling=\"no\" class=\"wp-embedded-content\"><\/iframe><script type=\"text\/javascript\">\n\/* <![CDATA[ *\/\n\/*! This file is auto-generated *\/\n!function(d,l){\"use strict\";l.querySelector&&d.addEventListener&&\"undefined\"!=typeof URL&&(d.wp=d.wp||{},d.wp.receiveEmbedMessage||(d.wp.receiveEmbedMessage=function(e){var t=e.data;if((t||t.secret||t.message||t.value)&&!\/[^a-zA-Z0-9]\/.test(t.secret)){for(var s,r,n,a=l.querySelectorAll('iframe[data-secret=\"'+t.secret+'\"]'),o=l.querySelectorAll('blockquote[data-secret=\"'+t.secret+'\"]'),c=new RegExp(\"^https?:$\",\"i\"),i=0;i<o.length;i++)o[i].style.display=\"none\";for(i=0;i<a.length;i++)s=a[i],e.source===s.contentWindow&&(s.removeAttribute(\"style\"),\"height\"===t.message?(1e3<(r=parseInt(t.value,10))?r=1e3:~~r<200&&(r=200),s.height=r):\"link\"===t.message&&(r=new URL(s.getAttribute(\"src\")),n=new URL(t.value),c.test(n.protocol))&&n.host===r.host&&l.activeElement===s&&(d.top.location.href=t.value))}},d.addEventListener(\"message\",d.wp.receiveEmbedMessage,!1),l.addEventListener(\"DOMContentLoaded\",function(){for(var e,t,s=l.querySelectorAll(\"iframe.wp-embedded-content\"),r=0;r<s.length;r++)(t=(e=s[r]).getAttribute(\"data-secret\"))||(t=Math.random().toString(36).substring(2,12),e.src+=\"#?secret=\"+t,e.setAttribute(\"data-secret\",t)),e.contentWindow.postMessage({message:\"ready\",secret:t},\"*\")},!1)))}(window,document);\n\/* ]]> *\/\n<\/script>\n","description":"Als Anselm Kiefer im M\u00e4rz 1945 geboren wurde, begannen die letzten, schrecklichsten Kriegstage, und obwohl er sich wohl kaum erinnern konnte, wurde er zum wichtigsten deutschen K\u00fcnstler, wenn es um die Aufarbeitung des Holocaust geht. Als sich Deutschlands Gewissen schon l\u00e4ngst erholt hatte, durchlebte er k\u00fcnstlerisch seine \u201edeutsche Phase\u201c, vermengte germanische Mythologie mit j\u00fcdischer Mysthik [&hellip;]","thumbnail_url":"https:\/\/blog.zeit.de\/zeitmagazin\/files\/2011\/10\/oycgwg_painting.jpg"}

Heiter bis glücklich

Over Your Cities Grass Will Grow - Heiter bis glücklich

<blockquote class="wp-embedded-content" data-secret="xp9h627RmP"><a href="https://blog.zeit.de/zeitmagazin/2011/11/06/over-your-cities-grass-will-grow/">Over Your Cities Grass Will Grow</a></blockquote><iframe sandbox="allow-scripts" security="restricted" src="https://blog.zeit.de/zeitmagazin/2011/11/06/over-your-cities-grass-will-grow/embed/#?secret=xp9h627RmP" width="600" height="338" title="&#8222;Over Your Cities Grass Will Grow&#8220; &#8212; Heiter bis glücklich" data-secret="xp9h627RmP" frameborder="0" marginwidth="0" marginheight="0" scrolling="no" class="wp-embedded-content"></iframe><script type="text/javascript">
/* <![CDATA[ */
/*! This file is auto-generated */
!function(d,l){"use strict";l.querySelector&&d.addEventListener&&"undefined"!=typeof URL&&(d.wp=d.wp||{},d.wp.receiveEmbedMessage||(d.wp.receiveEmbedMessage=function(e){var t=e.data;if((t||t.secret||t.message||t.value)&&!/[^a-zA-Z0-9]/.test(t.secret)){for(var s,r,n,a=l.querySelectorAll('iframe[data-secret="'+t.secret+'"]'),o=l.querySelectorAll('blockquote[data-secret="'+t.secret+'"]'),c=new RegExp("^https?:$","i"),i=0;i<o.length;i++)o[i].style.display="none";for(i=0;i<a.length;i++)s=a[i],e.source===s.contentWindow&&(s.removeAttribute("style"),"height"===t.message?(1e3<(r=parseInt(t.value,10))?r=1e3:~~r<200&&(r=200),s.height=r):"link"===t.message&&(r=new URL(s.getAttribute("src")),n=new URL(t.value),c.test(n.protocol))&&n.host===r.host&&l.activeElement===s&&(d.top.location.href=t.value))}},d.addEventListener("message",d.wp.receiveEmbedMessage,!1),l.addEventListener("DOMContentLoaded",function(){for(var e,t,s=l.querySelectorAll("iframe.wp-embedded-content"),r=0;r<s.length;r++)(t=(e=s[r]).getAttribute("data-secret"))||(t=Math.random().toString(36).substring(2,12),e.src+="#?secret="+t,e.setAttribute("data-secret",t)),e.contentWindow.postMessage({message:"ready",secret:t},"*")},!1)))}(window,document);
/* ]]> */
</script>

Als Anselm Kiefer im März 1945 geboren wurde, begannen die letzten, schrecklichsten Kriegstage, und obwohl er sich wohl kaum erinnern konnte, wurde er zum wichtigsten deutschen Künstler, wenn es um die Aufarbeitung des Holocaust geht. Als sich Deutschlands Gewissen schon längst erholt hatte, durchlebte er künstlerisch seine „deutsche Phase“, vermengte germanische Mythologie mit jüdischer Mysthik [&hellip;]
