{"id":22870,"date":"2014-03-15T10:56:14","date_gmt":"2014-03-15T09:56:14","guid":{"rendered":"http:\/\/blog.zeit.de\/zeitmagazin\/?page_id=22870"},"modified":"2014-03-15T10:56:32","modified_gmt":"2014-03-15T09:56:32","slug":"feigen-portwein-eis-mit-rhabarberragout","status":"publish","type":"page","link":"https:\/\/blog.zeit.de\/zeitmagazin\/feigen-portwein-eis-mit-rhabarberragout\/","title":{"rendered":"Feigen-Portwein-Eis mit Rhabarberragout"},"content":{"rendered":"<p style=\"text-align: justify;\">\n<p style=\"text-align: justify;\">Wie die Erdbeere, so hat auch der Rhabarber nur eine kurze Saison im Fr\u00fchling und Fr\u00fchsommer. Zum Gl\u00fcck \u00fcberschneidet sich die Rhabarbersaison gerade so mit der Erdbeerzeit, dass es uns m\u00f6glich ist, k\u00f6stliche Desserts und Marmeladen aus beiden Zutaten zuzubereiten. Bei diesem Dessert jedoch erg\u00e4nzt die s\u00e4uerlich-herbe Note des Rhabarbers sehr reizvoll die S\u00fc\u00dfe von Feigen und Portwein im Eis. Sie k\u00f6nnen das Ragout abk\u00fchlen lassen oder warm zum Eis geben, es schmeckt auf jeden Fall k\u00f6stlich.<\/p>\n<p style=\"text-align: justify;\">Eis<br \/>\n100 g Zucker<br \/>\n15 Feigen<br \/>\n300 ml roter Portwein<br \/>\n125 g Sahne<br \/>\n180 g Puderzucker<br \/>\n2 Limetten<br \/>\n6 Eigelb<\/p>\n<p style=\"text-align: justify;\">\u00a0Rhabarber<br \/>\n400 g Rhabarber<br \/>\n150 g Zucker<br \/>\n2 Kardamomkapseln<\/p>\n<p style=\"text-align: justify;\">Au\u00dferdem:<br \/>\nEismaschine<\/p>\n<p style=\"text-align: justify;\">\u00a04 Personen, 45 Minuten + Gefrierzeit<\/p>\n<p style=\"text-align: justify;\">Den Zucker in einem Topf karamellisieren. Die Feigen sch\u00e4len und zu dem Karamell geben. Mit de Portwein abl\u00f6schen und 10 Minuten leicht k\u00f6cheln lassen. Die karamellisierten, gegarten feigen (bis auf ein oder zwei), die Sahne und den Puderzucker mit einem Stabmixer fein p\u00fcrieren. Die Limetten auspressen, die H\u00e4lfte des Safts dazugeben. Die kochende Fl\u00fcssigkeit nach und nach zu den Eigelben geben. \u00dcber einem hei\u00dfen Wasserbad weiterr\u00fchren, bis die Masse den R\u00fccken des Kochl\u00f6ffels \u00fcberzieht und ein Wellenmuster ergibt, wenn Sie darauf pusten (zur Rose abziehen)<br \/>\nDie Eismasse in der Eismaschine gefrieren lassen.<br \/>\nDen Rhabarber sch\u00e4len. Den Zucker in einem Topf karamellisieren und mit der zweiten H\u00e4lfte des Limettensafts und 100,l Wasser abl\u00f6schen. Rhabarber klein schneiden, mit den zerdr\u00fcckten Kardamomkapseln hinzuf\u00fcgen und 20 Minuten k\u00f6cheln lassen. Nocken vom Eis abstecken und mit dem Rhabarberragout und den beseitegelegten Feigen servieren.<\/p>\n<p style=\"text-align: justify;\">\n","protected":false},"excerpt":{"rendered":"<p>Wie die Erdbeere, so hat auch der Rhabarber nur eine kurze Saison im Fr\u00fchling und Fr\u00fchsommer. Zum Gl\u00fcck \u00fcberschneidet sich die Rhabarbersaison gerade so mit der Erdbeerzeit, dass es uns m\u00f6glich ist, k\u00f6stliche Desserts und Marmeladen aus beiden Zutaten zuzubereiten. Bei diesem Dessert jedoch erg\u00e4nzt die s\u00e4uerlich-herbe Note des Rhabarbers sehr reizvoll die S\u00fc\u00dfe von [&hellip;]<\/p>\n","protected":false},"author":303,"featured_media":0,"parent":0,"menu_order":0,"comment_status":"open","ping_status":"open","template":"","meta":{"footnotes":""},"class_list":["post-22870","page","type-page","status-publish","hentry"],"yoast_head":"<!-- This site is optimized with the Yoast SEO plugin v21.0 - https:\/\/yoast.com\/wordpress\/plugins\/seo\/ -->\n<title>Feigen-Portwein-Eis mit Rhabarberragout - Heiter bis gl\u00fccklich<\/title>\n<meta name=\"robots\" content=\"index, follow, max-snippet:-1, max-image-preview:large, max-video-preview:-1\" \/>\n<link rel=\"canonical\" href=\"https:\/\/blog.zeit.de\/zeitmagazin\/feigen-portwein-eis-mit-rhabarberragout\/\" \/>\n<meta property=\"og:locale\" content=\"de_DE\" \/>\n<meta property=\"og:type\" content=\"article\" \/>\n<meta property=\"og:title\" content=\"Feigen-Portwein-Eis mit Rhabarberragout - Heiter bis gl\u00fccklich\" \/>\n<meta property=\"og:description\" content=\"Wie die Erdbeere, so hat auch der Rhabarber nur eine kurze Saison im Fr\u00fchling und Fr\u00fchsommer. Zum Gl\u00fcck \u00fcberschneidet sich die Rhabarbersaison gerade so mit der Erdbeerzeit, dass es uns m\u00f6glich ist, k\u00f6stliche Desserts und Marmeladen aus beiden Zutaten zuzubereiten. Bei diesem Dessert jedoch erg\u00e4nzt die s\u00e4uerlich-herbe Note des Rhabarbers sehr reizvoll die S\u00fc\u00dfe von [&hellip;]\" \/>\n<meta property=\"og:url\" content=\"https:\/\/blog.zeit.de\/zeitmagazin\/feigen-portwein-eis-mit-rhabarberragout\/\" \/>\n<meta property=\"og:site_name\" content=\"Heiter bis gl\u00fccklich\" \/>\n<meta property=\"article:modified_time\" content=\"2014-03-15T09:56:32+00:00\" \/>\n<meta name=\"twitter:card\" content=\"summary_large_image\" \/>\n<meta name=\"twitter:label1\" content=\"Gesch\u00e4tzte Lesezeit\" \/>\n\t<meta name=\"twitter:data1\" content=\"1\u00a0Minute\" \/>\n<script type=\"application\/ld+json\" class=\"yoast-schema-graph\">{\"@context\":\"https:\/\/schema.org\",\"@graph\":[{\"@type\":\"WebPage\",\"@id\":\"https:\/\/blog.zeit.de\/zeitmagazin\/feigen-portwein-eis-mit-rhabarberragout\/\",\"url\":\"https:\/\/blog.zeit.de\/zeitmagazin\/feigen-portwein-eis-mit-rhabarberragout\/\",\"name\":\"Feigen-Portwein-Eis mit Rhabarberragout - Heiter bis gl\u00fccklich\",\"isPartOf\":{\"@id\":\"https:\/\/blog.zeit.de\/zeitmagazin\/#website\"},\"datePublished\":\"2014-03-15T09:56:14+00:00\",\"dateModified\":\"2014-03-15T09:56:32+00:00\",\"breadcrumb\":{\"@id\":\"https:\/\/blog.zeit.de\/zeitmagazin\/feigen-portwein-eis-mit-rhabarberragout\/#breadcrumb\"},\"inLanguage\":\"de\",\"potentialAction\":[{\"@type\":\"ReadAction\",\"target\":[\"https:\/\/blog.zeit.de\/zeitmagazin\/feigen-portwein-eis-mit-rhabarberragout\/\"]}]},{\"@type\":\"BreadcrumbList\",\"@id\":\"https:\/\/blog.zeit.de\/zeitmagazin\/feigen-portwein-eis-mit-rhabarberragout\/#breadcrumb\",\"itemListElement\":[{\"@type\":\"ListItem\",\"position\":1,\"name\":\"Startseite\",\"item\":\"https:\/\/blog.zeit.de\/zeitmagazin\/\"},{\"@type\":\"ListItem\",\"position\":2,\"name\":\"Feigen-Portwein-Eis mit Rhabarberragout\"}]},{\"@type\":\"WebSite\",\"@id\":\"https:\/\/blog.zeit.de\/zeitmagazin\/#website\",\"url\":\"https:\/\/blog.zeit.de\/zeitmagazin\/\",\"name\":\"Heiter bis gl\u00fccklich\",\"description\":\"Das ZEITmagazin-Blog\",\"potentialAction\":[{\"@type\":\"SearchAction\",\"target\":{\"@type\":\"EntryPoint\",\"urlTemplate\":\"https:\/\/blog.zeit.de\/zeitmagazin\/?s={search_term_string}\"},\"query-input\":\"required name=search_term_string\"}],\"inLanguage\":\"de\"}]}<\/script>\n<!-- \/ Yoast SEO plugin. -->","yoast_head_json":{"title":"Feigen-Portwein-Eis mit Rhabarberragout - Heiter bis gl\u00fccklich","robots":{"index":"index","follow":"follow","max-snippet":"max-snippet:-1","max-image-preview":"max-image-preview:large","max-video-preview":"max-video-preview:-1"},"canonical":"https:\/\/blog.zeit.de\/zeitmagazin\/feigen-portwein-eis-mit-rhabarberragout\/","og_locale":"de_DE","og_type":"article","og_title":"Feigen-Portwein-Eis mit Rhabarberragout - Heiter bis gl\u00fccklich","og_description":"Wie die Erdbeere, so hat auch der Rhabarber nur eine kurze Saison im Fr\u00fchling und Fr\u00fchsommer. Zum Gl\u00fcck \u00fcberschneidet sich die Rhabarbersaison gerade so mit der Erdbeerzeit, dass es uns m\u00f6glich ist, k\u00f6stliche Desserts und Marmeladen aus beiden Zutaten zuzubereiten. Bei diesem Dessert jedoch erg\u00e4nzt die s\u00e4uerlich-herbe Note des Rhabarbers sehr reizvoll die S\u00fc\u00dfe von [&hellip;]","og_url":"https:\/\/blog.zeit.de\/zeitmagazin\/feigen-portwein-eis-mit-rhabarberragout\/","og_site_name":"Heiter bis gl\u00fccklich","article_modified_time":"2014-03-15T09:56:32+00:00","twitter_card":"summary_large_image","twitter_misc":{"Gesch\u00e4tzte Lesezeit":"1\u00a0Minute"},"schema":{"@context":"https:\/\/schema.org","@graph":[{"@type":"WebPage","@id":"https:\/\/blog.zeit.de\/zeitmagazin\/feigen-portwein-eis-mit-rhabarberragout\/","url":"https:\/\/blog.zeit.de\/zeitmagazin\/feigen-portwein-eis-mit-rhabarberragout\/","name":"Feigen-Portwein-Eis mit Rhabarberragout - Heiter bis gl\u00fccklich","isPartOf":{"@id":"https:\/\/blog.zeit.de\/zeitmagazin\/#website"},"datePublished":"2014-03-15T09:56:14+00:00","dateModified":"2014-03-15T09:56:32+00:00","breadcrumb":{"@id":"https:\/\/blog.zeit.de\/zeitmagazin\/feigen-portwein-eis-mit-rhabarberragout\/#breadcrumb"},"inLanguage":"de","potentialAction":[{"@type":"ReadAction","target":["https:\/\/blog.zeit.de\/zeitmagazin\/feigen-portwein-eis-mit-rhabarberragout\/"]}]},{"@type":"BreadcrumbList","@id":"https:\/\/blog.zeit.de\/zeitmagazin\/feigen-portwein-eis-mit-rhabarberragout\/#breadcrumb","itemListElement":[{"@type":"ListItem","position":1,"name":"Startseite","item":"https:\/\/blog.zeit.de\/zeitmagazin\/"},{"@type":"ListItem","position":2,"name":"Feigen-Portwein-Eis mit Rhabarberragout"}]},{"@type":"WebSite","@id":"https:\/\/blog.zeit.de\/zeitmagazin\/#website","url":"https:\/\/blog.zeit.de\/zeitmagazin\/","name":"Heiter bis gl\u00fccklich","description":"Das ZEITmagazin-Blog","potentialAction":[{"@type":"SearchAction","target":{"@type":"EntryPoint","urlTemplate":"https:\/\/blog.zeit.de\/zeitmagazin\/?s={search_term_string}"},"query-input":"required name=search_term_string"}],"inLanguage":"de"}]}},"jetpack_sharing_enabled":true,"_links":{"self":[{"href":"https:\/\/blog.zeit.de\/zeitmagazin\/wp-json\/wp\/v2\/pages\/22870","targetHints":{"allow":["GET"]}}],"collection":[{"href":"https:\/\/blog.zeit.de\/zeitmagazin\/wp-json\/wp\/v2\/pages"}],"about":[{"href":"https:\/\/blog.zeit.de\/zeitmagazin\/wp-json\/wp\/v2\/types\/page"}],"author":[{"embeddable":true,"href":"https:\/\/blog.zeit.de\/zeitmagazin\/wp-json\/wp\/v2\/users\/303"}],"replies":[{"embeddable":true,"href":"https:\/\/blog.zeit.de\/zeitmagazin\/wp-json\/wp\/v2\/comments?post=22870"}],"version-history":[{"count":2,"href":"https:\/\/blog.zeit.de\/zeitmagazin\/wp-json\/wp\/v2\/pages\/22870\/revisions"}],"predecessor-version":[{"id":22909,"href":"https:\/\/blog.zeit.de\/zeitmagazin\/wp-json\/wp\/v2\/pages\/22870\/revisions\/22909"}],"wp:attachment":[{"href":"https:\/\/blog.zeit.de\/zeitmagazin\/wp-json\/wp\/v2\/media?parent=22870"}],"curies":[{"name":"wp","href":"https:\/\/api.w.org\/{rel}","templated":true}]}}