{"version":"1.0","provider_name":"Zweitstimme","provider_url":"https:\/\/blog.zeit.de\/zweitstimme","author_name":"Markus Horeld","author_url":"https:\/\/blog.zeit.de\/zweitstimme\/author\/markus-horeld\/","title":"Merkel will CDU-Verluste erkl\u00e4rt haben - Zweitstimme","type":"rich","width":600,"height":338,"html":"<blockquote class=\"wp-embedded-content\" data-secret=\"krFzb9gIdZ\"><a href=\"https:\/\/blog.zeit.de\/zweitstimme\/2009\/09\/28\/merkel-will-cdu-verluste-erklart-haben\/\">Merkel will CDU-Verluste erkl\u00e4rt haben<\/a><\/blockquote><iframe sandbox=\"allow-scripts\" security=\"restricted\" src=\"https:\/\/blog.zeit.de\/zweitstimme\/2009\/09\/28\/merkel-will-cdu-verluste-erklart-haben\/embed\/#?secret=krFzb9gIdZ\" width=\"600\" height=\"338\" title=\"&#8222;Merkel will CDU-Verluste erkl\u00e4rt haben&#8220; &#8212; Zweitstimme\" data-secret=\"krFzb9gIdZ\" frameborder=\"0\" marginwidth=\"0\" marginheight=\"0\" scrolling=\"no\" class=\"wp-embedded-content\"><\/iframe><script type=\"text\/javascript\">\n\/* <![CDATA[ *\/\n\/*! This file is auto-generated *\/\n!function(d,l){\"use strict\";l.querySelector&&d.addEventListener&&\"undefined\"!=typeof URL&&(d.wp=d.wp||{},d.wp.receiveEmbedMessage||(d.wp.receiveEmbedMessage=function(e){var t=e.data;if((t||t.secret||t.message||t.value)&&!\/[^a-zA-Z0-9]\/.test(t.secret)){for(var s,r,n,a=l.querySelectorAll('iframe[data-secret=\"'+t.secret+'\"]'),o=l.querySelectorAll('blockquote[data-secret=\"'+t.secret+'\"]'),c=new RegExp(\"^https?:$\",\"i\"),i=0;i<o.length;i++)o[i].style.display=\"none\";for(i=0;i<a.length;i++)s=a[i],e.source===s.contentWindow&&(s.removeAttribute(\"style\"),\"height\"===t.message?(1e3<(r=parseInt(t.value,10))?r=1e3:~~r<200&&(r=200),s.height=r):\"link\"===t.message&&(r=new URL(s.getAttribute(\"src\")),n=new URL(t.value),c.test(n.protocol))&&n.host===r.host&&l.activeElement===s&&(d.top.location.href=t.value))}},d.addEventListener(\"message\",d.wp.receiveEmbedMessage,!1),l.addEventListener(\"DOMContentLoaded\",function(){for(var e,t,s=l.querySelectorAll(\"iframe.wp-embedded-content\"),r=0;r<s.length;r++)(t=(e=s[r]).getAttribute(\"data-secret\"))||(t=Math.random().toString(36).substring(2,12),e.src+=\"#?secret=\"+t,e.setAttribute(\"data-secret\",t)),e.contentWindow.postMessage({message:\"ready\",secret:t},\"*\")},!1)))}(window,document);\n\/* ]]> *\/\n<\/script>\n","description":"Was 2005 fast komplett ausblieb, soll es dieses Mal geben: Die Nachrichtenagentur dpa meldet, dass CDU-Chefin Angela Merkel die Ursachen f\u00fcr das verh\u00e4ltnism\u00e4\u00dfig schwache Abschneiden der Union er\u00f6rtert und analysiert haben will. Gleich zu Beginn des Pr\u00e4sidiumtreffens am Montag habe Merkel Generalsekret\u00e4r Ronald Pofalla mit einer Wahlanalyse beauftragt, schreibt dpa. Die Union hatte gestern das [&hellip;]"}

Merkel will CDU-Verluste erklärt haben - Zweitstimme

<blockquote class="wp-embedded-content" data-secret="krFzb9gIdZ"><a href="https://blog.zeit.de/zweitstimme/2009/09/28/merkel-will-cdu-verluste-erklart-haben/">Merkel will CDU-Verluste erklärt haben</a></blockquote><iframe sandbox="allow-scripts" security="restricted" src="https://blog.zeit.de/zweitstimme/2009/09/28/merkel-will-cdu-verluste-erklart-haben/embed/#?secret=krFzb9gIdZ" width="600" height="338" title="&#8222;Merkel will CDU-Verluste erklärt haben&#8220; &#8212; Zweitstimme" data-secret="krFzb9gIdZ" frameborder="0" marginwidth="0" marginheight="0" scrolling="no" class="wp-embedded-content"></iframe><script type="text/javascript">
/* <![CDATA[ */
/*! This file is auto-generated */
!function(d,l){"use strict";l.querySelector&&d.addEventListener&&"undefined"!=typeof URL&&(d.wp=d.wp||{},d.wp.receiveEmbedMessage||(d.wp.receiveEmbedMessage=function(e){var t=e.data;if((t||t.secret||t.message||t.value)&&!/[^a-zA-Z0-9]/.test(t.secret)){for(var s,r,n,a=l.querySelectorAll('iframe[data-secret="'+t.secret+'"]'),o=l.querySelectorAll('blockquote[data-secret="'+t.secret+'"]'),c=new RegExp("^https?:$","i"),i=0;i<o.length;i++)o[i].style.display="none";for(i=0;i<a.length;i++)s=a[i],e.source===s.contentWindow&&(s.removeAttribute("style"),"height"===t.message?(1e3<(r=parseInt(t.value,10))?r=1e3:~~r<200&&(r=200),s.height=r):"link"===t.message&&(r=new URL(s.getAttribute("src")),n=new URL(t.value),c.test(n.protocol))&&n.host===r.host&&l.activeElement===s&&(d.top.location.href=t.value))}},d.addEventListener("message",d.wp.receiveEmbedMessage,!1),l.addEventListener("DOMContentLoaded",function(){for(var e,t,s=l.querySelectorAll("iframe.wp-embedded-content"),r=0;r<s.length;r++)(t=(e=s[r]).getAttribute("data-secret"))||(t=Math.random().toString(36).substring(2,12),e.src+="#?secret="+t,e.setAttribute("data-secret",t)),e.contentWindow.postMessage({message:"ready",secret:t},"*")},!1)))}(window,document);
/* ]]> */
</script>

Was 2005 fast komplett ausblieb, soll es dieses Mal geben: Die Nachrichtenagentur dpa meldet, dass CDU-Chefin Angela Merkel die Ursachen für das verhältnismäßig schwache Abschneiden der Union erörtert und analysiert haben will. Gleich zu Beginn des Präsidiumtreffens am Montag habe Merkel Generalsekretär Ronald Pofalla mit einer Wahlanalyse beauftragt, schreibt dpa. Die Union hatte gestern das [&hellip;]
