{"version":"1.0","provider_name":"Zweitstimme","provider_url":"https:\/\/blog.zeit.de\/zweitstimme","author_name":"Andrea R\u00f6mmele","author_url":"https:\/\/blog.zeit.de\/zweitstimme\/author\/andrea-roemmele\/","title":"S21: Yes They Can! - Zweitstimme","type":"rich","width":600,"height":338,"html":"<blockquote class=\"wp-embedded-content\" data-secret=\"Poh37BsiIL\"><a href=\"https:\/\/blog.zeit.de\/zweitstimme\/2010\/09\/23\/s21-yes-they-can\/\">S21: Yes They Can!<\/a><\/blockquote><iframe sandbox=\"allow-scripts\" security=\"restricted\" src=\"https:\/\/blog.zeit.de\/zweitstimme\/2010\/09\/23\/s21-yes-they-can\/embed\/#?secret=Poh37BsiIL\" width=\"600\" height=\"338\" title=\"&#8222;S21: Yes They Can!&#8220; &#8212; Zweitstimme\" data-secret=\"Poh37BsiIL\" frameborder=\"0\" marginwidth=\"0\" marginheight=\"0\" scrolling=\"no\" class=\"wp-embedded-content\"><\/iframe><script type=\"text\/javascript\">\n\/* <![CDATA[ *\/\n\/*! This file is auto-generated *\/\n!function(d,l){\"use strict\";l.querySelector&&d.addEventListener&&\"undefined\"!=typeof URL&&(d.wp=d.wp||{},d.wp.receiveEmbedMessage||(d.wp.receiveEmbedMessage=function(e){var t=e.data;if((t||t.secret||t.message||t.value)&&!\/[^a-zA-Z0-9]\/.test(t.secret)){for(var s,r,n,a=l.querySelectorAll('iframe[data-secret=\"'+t.secret+'\"]'),o=l.querySelectorAll('blockquote[data-secret=\"'+t.secret+'\"]'),c=new RegExp(\"^https?:$\",\"i\"),i=0;i<o.length;i++)o[i].style.display=\"none\";for(i=0;i<a.length;i++)s=a[i],e.source===s.contentWindow&&(s.removeAttribute(\"style\"),\"height\"===t.message?(1e3<(r=parseInt(t.value,10))?r=1e3:~~r<200&&(r=200),s.height=r):\"link\"===t.message&&(r=new URL(s.getAttribute(\"src\")),n=new URL(t.value),c.test(n.protocol))&&n.host===r.host&&l.activeElement===s&&(d.top.location.href=t.value))}},d.addEventListener(\"message\",d.wp.receiveEmbedMessage,!1),l.addEventListener(\"DOMContentLoaded\",function(){for(var e,t,s=l.querySelectorAll(\"iframe.wp-embedded-content\"),r=0;r<s.length;r++)(t=(e=s[r]).getAttribute(\"data-secret\"))||(t=Math.random().toString(36).substring(2,12),e.src+=\"#?secret=\"+t,e.setAttribute(\"data-secret\",t)),e.contentWindow.postMessage({message:\"ready\",secret:t},\"*\")},!1)))}(window,document);\n\/* ]]> *\/\n<\/script>\n","description":"Am Freitag setzen also sich die Bef\u00fcrworter und Gegner von Stuttgart 21 erstmals ohne Vorbedingungen an einen Tisch. Na endlich, k\u00f6nnte man sagen. Aber was k\u00f6nnen wir von einem solchen Treffen erwarten? In meinem letzten Blog-Beitrag habe ich Verfahren der B\u00fcrgerbeteiligung beschrieben, die entwickelt wurden, um in solchen Gro\u00dfprojekten die Einbindung aller Positionen zu gew\u00e4hrleisten. [&hellip;]","thumbnail_url":"https:\/\/blog.zeit.de\/zweitstimme\/files\/2010\/01\/Andrea.jpg"}

Andrea Römmele

Am Freitag setzen also sich die Befürworter und Gegner von Stuttgart 21 erstmals ohne Vorbedingungen an einen Tisch. Na endlich, könnte man sagen. Aber was können wir von einem solchen Treffen erwarten? In meinem letzten Blog-Beitrag habe ich Verfahren der Bürgerbeteiligung beschrieben, die entwickelt wurden, um in solchen Großprojekten die Einbindung aller Positionen zu gewährleisten. [&hellip;]
