{"version":"1.0","provider_name":"Zweitstimme","provider_url":"https:\/\/blog.zeit.de\/zweitstimme","author_name":"Ludwig Greven","author_url":"https:\/\/blog.zeit.de\/zweitstimme\/author\/lgreven\/","title":"Ein Senior als neuer Bundespr\u00e4sident? - Zweitstimme","type":"rich","width":600,"height":338,"html":"<blockquote class=\"wp-embedded-content\" data-secret=\"RKkGQMhTzk\"><a href=\"https:\/\/blog.zeit.de\/zweitstimme\/2012\/01\/13\/ein-senior-als-neuer-prasident\/\">Ein Senior als neuer Bundespr\u00e4sident?<\/a><\/blockquote><iframe sandbox=\"allow-scripts\" security=\"restricted\" src=\"https:\/\/blog.zeit.de\/zweitstimme\/2012\/01\/13\/ein-senior-als-neuer-prasident\/embed\/#?secret=RKkGQMhTzk\" width=\"600\" height=\"338\" title=\"&#8222;Ein Senior als neuer Bundespr\u00e4sident?&#8220; &#8212; Zweitstimme\" data-secret=\"RKkGQMhTzk\" frameborder=\"0\" marginwidth=\"0\" marginheight=\"0\" scrolling=\"no\" class=\"wp-embedded-content\"><\/iframe><script type=\"text\/javascript\">\n\/* <![CDATA[ *\/\n\/*! This file is auto-generated *\/\n!function(d,l){\"use strict\";l.querySelector&&d.addEventListener&&\"undefined\"!=typeof URL&&(d.wp=d.wp||{},d.wp.receiveEmbedMessage||(d.wp.receiveEmbedMessage=function(e){var t=e.data;if((t||t.secret||t.message||t.value)&&!\/[^a-zA-Z0-9]\/.test(t.secret)){for(var s,r,n,a=l.querySelectorAll('iframe[data-secret=\"'+t.secret+'\"]'),o=l.querySelectorAll('blockquote[data-secret=\"'+t.secret+'\"]'),c=new RegExp(\"^https?:$\",\"i\"),i=0;i<o.length;i++)o[i].style.display=\"none\";for(i=0;i<a.length;i++)s=a[i],e.source===s.contentWindow&&(s.removeAttribute(\"style\"),\"height\"===t.message?(1e3<(r=parseInt(t.value,10))?r=1e3:~~r<200&&(r=200),s.height=r):\"link\"===t.message&&(r=new URL(s.getAttribute(\"src\")),n=new URL(t.value),c.test(n.protocol))&&n.host===r.host&&l.activeElement===s&&(d.top.location.href=t.value))}},d.addEventListener(\"message\",d.wp.receiveEmbedMessage,!1),l.addEventListener(\"DOMContentLoaded\",function(){for(var e,t,s=l.querySelectorAll(\"iframe.wp-embedded-content\"),r=0;r<s.length;r++)(t=(e=s[r]).getAttribute(\"data-secret\"))||(t=Math.random().toString(36).substring(2,12),e.src+=\"#?secret=\"+t,e.setAttribute(\"data-secret\",t)),e.contentWindow.postMessage({message:\"ready\",secret:t},\"*\")},!1)))}(window,document);\n\/* ]]> *\/\n<\/script>\n","description":"Das Thema Wulff l\u00e4sst uns nicht los. User haben mich auf einen neuen Gedanken gebracht: Vielleicht ist unser Bundespr\u00e4sident ganz einfach zu jung f\u00fcr das Amt.\u00a0Ihm fehlt ganz augenscheinlich die notwendige Reife, die Abgekl\u00e4rtheit und Distanz zu sich selbst, die man oft erst mit dem Alter erwirbt. Er ist \u2013 trotz schwieriger Jugend in einfachen [&hellip;]"}

Ein Senior als neuer Bundespräsident? - Zweitstimme

<blockquote class="wp-embedded-content" data-secret="RKkGQMhTzk"><a href="https://blog.zeit.de/zweitstimme/2012/01/13/ein-senior-als-neuer-prasident/">Ein Senior als neuer Bundespräsident?</a></blockquote><iframe sandbox="allow-scripts" security="restricted" src="https://blog.zeit.de/zweitstimme/2012/01/13/ein-senior-als-neuer-prasident/embed/#?secret=RKkGQMhTzk" width="600" height="338" title="&#8222;Ein Senior als neuer Bundespräsident?&#8220; &#8212; Zweitstimme" data-secret="RKkGQMhTzk" frameborder="0" marginwidth="0" marginheight="0" scrolling="no" class="wp-embedded-content"></iframe><script type="text/javascript">
/* <![CDATA[ */
/*! This file is auto-generated */
!function(d,l){"use strict";l.querySelector&&d.addEventListener&&"undefined"!=typeof URL&&(d.wp=d.wp||{},d.wp.receiveEmbedMessage||(d.wp.receiveEmbedMessage=function(e){var t=e.data;if((t||t.secret||t.message||t.value)&&!/[^a-zA-Z0-9]/.test(t.secret)){for(var s,r,n,a=l.querySelectorAll('iframe[data-secret="'+t.secret+'"]'),o=l.querySelectorAll('blockquote[data-secret="'+t.secret+'"]'),c=new RegExp("^https?:$","i"),i=0;i<o.length;i++)o[i].style.display="none";for(i=0;i<a.length;i++)s=a[i],e.source===s.contentWindow&&(s.removeAttribute("style"),"height"===t.message?(1e3<(r=parseInt(t.value,10))?r=1e3:~~r<200&&(r=200),s.height=r):"link"===t.message&&(r=new URL(s.getAttribute("src")),n=new URL(t.value),c.test(n.protocol))&&n.host===r.host&&l.activeElement===s&&(d.top.location.href=t.value))}},d.addEventListener("message",d.wp.receiveEmbedMessage,!1),l.addEventListener("DOMContentLoaded",function(){for(var e,t,s=l.querySelectorAll("iframe.wp-embedded-content"),r=0;r<s.length;r++)(t=(e=s[r]).getAttribute("data-secret"))||(t=Math.random().toString(36).substring(2,12),e.src+="#?secret="+t,e.setAttribute("data-secret",t)),e.contentWindow.postMessage({message:"ready",secret:t},"*")},!1)))}(window,document);
/* ]]> */
</script>

Das Thema Wulff lässt uns nicht los. User haben mich auf einen neuen Gedanken gebracht: Vielleicht ist unser Bundespräsident ganz einfach zu jung für das Amt. Ihm fehlt ganz augenscheinlich die notwendige Reife, die Abgeklärtheit und Distanz zu sich selbst, die man oft erst mit dem Alter erwirbt. Er ist – trotz schwieriger Jugend in einfachen [&hellip;]
