{"version":"1.0","provider_name":"Zweitstimme","provider_url":"https:\/\/blog.zeit.de\/zweitstimme","author_name":"Thorsten Faas","author_url":"https:\/\/blog.zeit.de\/zweitstimme\/author\/thorsten-faas\/","title":"Wir k\u00f6nnen alles \u2013 au\u00dfer einem gew\u00f6hnlichen Bewerberfeld: OB-Wahl in Stuttgart - Zweitstimme","type":"rich","width":600,"height":338,"html":"<blockquote class=\"wp-embedded-content\" data-secret=\"fIpw2i9APL\"><a href=\"https:\/\/blog.zeit.de\/zweitstimme\/2012\/10\/04\/3929\/\">Wir k\u00f6nnen alles \u2013 au\u00dfer einem gew\u00f6hnlichen Bewerberfeld: OB-Wahl in Stuttgart<\/a><\/blockquote><iframe sandbox=\"allow-scripts\" security=\"restricted\" src=\"https:\/\/blog.zeit.de\/zweitstimme\/2012\/10\/04\/3929\/embed\/#?secret=fIpw2i9APL\" width=\"600\" height=\"338\" title=\"&#8222;Wir k\u00f6nnen alles \u2013 au\u00dfer einem gew\u00f6hnlichen Bewerberfeld: OB-Wahl in Stuttgart&#8220; &#8212; Zweitstimme\" data-secret=\"fIpw2i9APL\" frameborder=\"0\" marginwidth=\"0\" marginheight=\"0\" scrolling=\"no\" class=\"wp-embedded-content\"><\/iframe><script type=\"text\/javascript\">\n\/* <![CDATA[ *\/\n\/*! This file is auto-generated *\/\n!function(d,l){\"use strict\";l.querySelector&&d.addEventListener&&\"undefined\"!=typeof URL&&(d.wp=d.wp||{},d.wp.receiveEmbedMessage||(d.wp.receiveEmbedMessage=function(e){var t=e.data;if((t||t.secret||t.message||t.value)&&!\/[^a-zA-Z0-9]\/.test(t.secret)){for(var s,r,n,a=l.querySelectorAll('iframe[data-secret=\"'+t.secret+'\"]'),o=l.querySelectorAll('blockquote[data-secret=\"'+t.secret+'\"]'),c=new RegExp(\"^https?:$\",\"i\"),i=0;i<o.length;i++)o[i].style.display=\"none\";for(i=0;i<a.length;i++)s=a[i],e.source===s.contentWindow&&(s.removeAttribute(\"style\"),\"height\"===t.message?(1e3<(r=parseInt(t.value,10))?r=1e3:~~r<200&&(r=200),s.height=r):\"link\"===t.message&&(r=new URL(s.getAttribute(\"src\")),n=new URL(t.value),c.test(n.protocol))&&n.host===r.host&&l.activeElement===s&&(d.top.location.href=t.value))}},d.addEventListener(\"message\",d.wp.receiveEmbedMessage,!1),l.addEventListener(\"DOMContentLoaded\",function(){for(var e,t,s=l.querySelectorAll(\"iframe.wp-embedded-content\"),r=0;r<s.length;r++)(t=(e=s[r]).getAttribute(\"data-secret\"))||(t=Math.random().toString(36).substring(2,12),e.src+=\"#?secret=\"+t,e.setAttribute(\"data-secret\",t)),e.contentWindow.postMessage({message:\"ready\",secret:t},\"*\")},!1)))}(window,document);\n\/* ]]> *\/\n<\/script>\n","description":"Von Thorsten Faas und Johannes Blumenberg Sonntagszeit ist Oberb\u00fcrgermeisterwahlzeit. Zumindest in Stuttgart. Am kommenden Sonntag steht der erste Wahlgang an, insgesamt 14 Kandidatinnen und Kandidaten stellen sich zur Wahl. Die Stuttgarter OB-Wahl ist aus mehreren Gr\u00fcnden brisant und bemerkenswert: Die Zahl deutscher Gro\u00dfst\u00e4dte, die von einem B\u00fcrgermeister aus den Reihen der Union regiert werden, eignet [&hellip;]"}

Wir können alles – außer einem gewöhnlichen Bewerberfeld: OB-Wahl in Stuttgart - Zweitstimme

<blockquote class="wp-embedded-content" data-secret="fIpw2i9APL"><a href="https://blog.zeit.de/zweitstimme/2012/10/04/3929/">Wir können alles – außer einem gewöhnlichen Bewerberfeld: OB-Wahl in Stuttgart</a></blockquote><iframe sandbox="allow-scripts" security="restricted" src="https://blog.zeit.de/zweitstimme/2012/10/04/3929/embed/#?secret=fIpw2i9APL" width="600" height="338" title="&#8222;Wir können alles – außer einem gewöhnlichen Bewerberfeld: OB-Wahl in Stuttgart&#8220; &#8212; Zweitstimme" data-secret="fIpw2i9APL" frameborder="0" marginwidth="0" marginheight="0" scrolling="no" class="wp-embedded-content"></iframe><script type="text/javascript">
/* <![CDATA[ */
/*! This file is auto-generated */
!function(d,l){"use strict";l.querySelector&&d.addEventListener&&"undefined"!=typeof URL&&(d.wp=d.wp||{},d.wp.receiveEmbedMessage||(d.wp.receiveEmbedMessage=function(e){var t=e.data;if((t||t.secret||t.message||t.value)&&!/[^a-zA-Z0-9]/.test(t.secret)){for(var s,r,n,a=l.querySelectorAll('iframe[data-secret="'+t.secret+'"]'),o=l.querySelectorAll('blockquote[data-secret="'+t.secret+'"]'),c=new RegExp("^https?:$","i"),i=0;i<o.length;i++)o[i].style.display="none";for(i=0;i<a.length;i++)s=a[i],e.source===s.contentWindow&&(s.removeAttribute("style"),"height"===t.message?(1e3<(r=parseInt(t.value,10))?r=1e3:~~r<200&&(r=200),s.height=r):"link"===t.message&&(r=new URL(s.getAttribute("src")),n=new URL(t.value),c.test(n.protocol))&&n.host===r.host&&l.activeElement===s&&(d.top.location.href=t.value))}},d.addEventListener("message",d.wp.receiveEmbedMessage,!1),l.addEventListener("DOMContentLoaded",function(){for(var e,t,s=l.querySelectorAll("iframe.wp-embedded-content"),r=0;r<s.length;r++)(t=(e=s[r]).getAttribute("data-secret"))||(t=Math.random().toString(36).substring(2,12),e.src+="#?secret="+t,e.setAttribute("data-secret",t)),e.contentWindow.postMessage({message:"ready",secret:t},"*")},!1)))}(window,document);
/* ]]> */
</script>

Von Thorsten Faas und Johannes Blumenberg Sonntagszeit ist Oberbürgermeisterwahlzeit. Zumindest in Stuttgart. Am kommenden Sonntag steht der erste Wahlgang an, insgesamt 14 Kandidatinnen und Kandidaten stellen sich zur Wahl. Die Stuttgarter OB-Wahl ist aus mehreren Gründen brisant und bemerkenswert: Die Zahl deutscher Großstädte, die von einem Bürgermeister aus den Reihen der Union regiert werden, eignet [&hellip;]
