{"version":"1.0","provider_name":"Zweitstimme","provider_url":"https:\/\/blog.zeit.de\/zweitstimme","author_name":"Lenz Jacobsen","author_url":"https:\/\/blog.zeit.de\/zweitstimme\/author\/lenz-jacobsen\/","title":"Mal wieder eine Unterschriftenaktion in Hessen - Zweitstimme","type":"rich","width":600,"height":338,"html":"<blockquote class=\"wp-embedded-content\" data-secret=\"Wd6tvRwsYb\"><a href=\"https:\/\/blog.zeit.de\/zweitstimme\/2013\/08\/12\/mal-wieder-eine-unterschriftenaktion-in-hessen\/\">Mal wieder eine Unterschriftenaktion in Hessen<\/a><\/blockquote><iframe sandbox=\"allow-scripts\" security=\"restricted\" src=\"https:\/\/blog.zeit.de\/zweitstimme\/2013\/08\/12\/mal-wieder-eine-unterschriftenaktion-in-hessen\/embed\/#?secret=Wd6tvRwsYb\" width=\"600\" height=\"338\" title=\"&#8222;Mal wieder eine Unterschriftenaktion in Hessen&#8220; &#8212; Zweitstimme\" data-secret=\"Wd6tvRwsYb\" frameborder=\"0\" marginwidth=\"0\" marginheight=\"0\" scrolling=\"no\" class=\"wp-embedded-content\"><\/iframe><script type=\"text\/javascript\">\n\/* <![CDATA[ *\/\n\/*! This file is auto-generated *\/\n!function(d,l){\"use strict\";l.querySelector&&d.addEventListener&&\"undefined\"!=typeof URL&&(d.wp=d.wp||{},d.wp.receiveEmbedMessage||(d.wp.receiveEmbedMessage=function(e){var t=e.data;if((t||t.secret||t.message||t.value)&&!\/[^a-zA-Z0-9]\/.test(t.secret)){for(var s,r,n,a=l.querySelectorAll('iframe[data-secret=\"'+t.secret+'\"]'),o=l.querySelectorAll('blockquote[data-secret=\"'+t.secret+'\"]'),c=new RegExp(\"^https?:$\",\"i\"),i=0;i<o.length;i++)o[i].style.display=\"none\";for(i=0;i<a.length;i++)s=a[i],e.source===s.contentWindow&&(s.removeAttribute(\"style\"),\"height\"===t.message?(1e3<(r=parseInt(t.value,10))?r=1e3:~~r<200&&(r=200),s.height=r):\"link\"===t.message&&(r=new URL(s.getAttribute(\"src\")),n=new URL(t.value),c.test(n.protocol))&&n.host===r.host&&l.activeElement===s&&(d.top.location.href=t.value))}},d.addEventListener(\"message\",d.wp.receiveEmbedMessage,!1),l.addEventListener(\"DOMContentLoaded\",function(){for(var e,t,s=l.querySelectorAll(\"iframe.wp-embedded-content\"),r=0;r<s.length;r++)(t=(e=s[r]).getAttribute(\"data-secret\"))||(t=Math.random().toString(36).substring(2,12),e.src+=\"#?secret=\"+t,e.setAttribute(\"data-secret\",t)),e.contentWindow.postMessage({message:\"ready\",secret:t},\"*\")},!1)))}(window,document);\n\/* ]]> *\/\n<\/script>\n","description":"F\u00fcr einen Landespolitiker ist es nat\u00fcrlich nicht so einfach, wenn die eigene Wahl am gleichen Tag stattfindet wie die alles \u00fcberschattende Bundestagswahl. Beim Get\u00f6se um Berlin gehen die kleineren Fragen gerne man unter und man wird mitgerissen, in Sieg oder Niederlage \u2013 und wenn man Kandidat der SPD ist, sieht es vieles nach Niederlage aus. [&hellip;]"}

Für einen Landespolitiker ist es natürlich nicht so einfach, wenn die eigene Wahl am gleichen Tag stattfindet wie die alles überschattende Bundestagswahl. Beim Getöse um Berlin gehen die kleineren Fragen gerne man unter und man wird mitgerissen, in Sieg oder Niederlage – und wenn man Kandidat der SPD ist, sieht es vieles nach Niederlage aus. [&hellip;]
